{"id":86,"date":"2020-10-29T11:39:36","date_gmt":"2020-10-29T11:39:36","guid":{"rendered":"http:\/\/89.166.51.80\/~saarijarven\/hameenmaen-osakaskunta\/?page_id=86"},"modified":"2025-12-18T07:10:33","modified_gmt":"2025-12-18T07:10:33","slug":"lupamaksut-ja-ohjeet","status":"publish","type":"page","link":"https:\/\/saarijarvenreitinkalatalousalue.fi\/karstula\/luvat\/lupamaksut-ja-ohjeet\/","title":{"rendered":"Lupamaksut ja ohjeet"},"content":{"rendered":"\n<h2 class=\"wp-block-heading\">Lupamaksut ja ohjeet<\/h2>\n\n\n\n<h2 class=\"wp-block-heading\">KARSTULAN OSAKASKUNTA, PYYDYSMERKKIEN HINNA<strong>T<\/strong> 2026-<\/h2>\n\n\n\n<p><strong>Lupaohjeen voi ladata <a href=\"https:\/\/saarijarvenreitinkalatalousalue.fi\/karstula\/wp-content\/uploads\/sites\/38\/2025\/12\/Lupamyyntiohje-2026-kartalla.pdf\" target=\"_blank\" rel=\"noreferrer noopener\">t\u00e4st\u00e4<\/a>.<\/strong><\/p>\n\n\n\n<p>Kalanpyydykset merkit\u00e4\u00e4n entisen k\u00e4yt\u00e4nn\u00f6n mukaan luvanmyyntipisteist\u00e4 ostettavilla<\/p>\n\n\n\n<p>yksikk\u00f6merkeill\u00e4.<\/p>\n\n\n\n<h2 class=\"wp-block-heading\"><strong>Lupia myyv\u00e4t: <\/strong><br><strong>www.ostaluvat.fi<\/strong><br><strong>Autofixaus ja huolto Pekkala oy, Jyv\u00e4skyl\u00e4ntie 45, 43500 Karstula<\/strong><\/h2>\n\n\n\n<h2 class=\"wp-block-heading\"><\/h2>\n\n\n\n<p><\/p>\n\n\n\n<p>Kalastusluvat ja pyydysmaksut vuodesta 2026 alkaen (kalenterivuosi):<\/p>\n\n\n\n<p>Kalastuslupa eli kirjaamismaksu (sis. kaksi uistinta) osakkailta sek\u00e4 ulkopuolisilta 5,00 \u20ac.<\/p>\n\n\n\n<p>Verkko: &nbsp;&nbsp;&nbsp;&nbsp;&nbsp;&nbsp;&nbsp;&nbsp;&nbsp;&nbsp;&nbsp;&nbsp;&nbsp;&nbsp;&nbsp;&nbsp;&nbsp;&nbsp;&nbsp;&nbsp;&nbsp;&nbsp;&nbsp; osakkaat 4,00 \u20ac&nbsp;&nbsp;&nbsp;&nbsp;&nbsp;&nbsp;&nbsp;&nbsp;&nbsp;&nbsp;&nbsp;&nbsp; ulkopuoliset 8,00 \u20ac<\/p>\n\n\n\n<p>Katiska ja rys\u00e4:&nbsp;&nbsp;&nbsp;&nbsp;&nbsp;&nbsp;&nbsp;&nbsp;&nbsp;&nbsp;&nbsp;&nbsp;&nbsp; osakkaat 2,00 \u20ac &nbsp;&nbsp;&nbsp;&nbsp;&nbsp;&nbsp;&nbsp;&nbsp;&nbsp;&nbsp;&nbsp; ulkopuoliset 4,00 \u20ac<\/p>\n\n\n\n<p>Pitk\u00e4siima: &nbsp;&nbsp;&nbsp;&nbsp;&nbsp;&nbsp;&nbsp;&nbsp;&nbsp;&nbsp;&nbsp;&nbsp;&nbsp;&nbsp;&nbsp;&nbsp;&nbsp;&nbsp; osakkaat 2,00 \u20ac&nbsp;&nbsp;&nbsp;&nbsp;&nbsp;&nbsp;&nbsp;&nbsp;&nbsp;&nbsp;&nbsp;&nbsp; ulkopuoliset 4,00 \u20ac<\/p>\n\n\n\n<p>Rapumerta: &nbsp;&nbsp;&nbsp;&nbsp;&nbsp;&nbsp;&nbsp;&nbsp;&nbsp;&nbsp;&nbsp;&nbsp;&nbsp;&nbsp;&nbsp;&nbsp;&nbsp; osakkaat 1,00 \u20ac, &nbsp;&nbsp;&nbsp;&nbsp;&nbsp;&nbsp;&nbsp;&nbsp;&nbsp;&nbsp; (ulkopuolisille ei sallittu)<\/p>\n\n\n\n<p>Iskukoukku: &nbsp;&nbsp;&nbsp;&nbsp;&nbsp;&nbsp;&nbsp;&nbsp;&nbsp;&nbsp;&nbsp;&nbsp;&nbsp;&nbsp;&nbsp;&nbsp;&nbsp; osakkaat 1,00 \u20ac&nbsp;&nbsp;&nbsp;&nbsp;&nbsp;&nbsp;&nbsp;&nbsp;&nbsp;&nbsp;&nbsp;&nbsp; ulkopuoliset 2,00 \u20ac<\/p>\n\n\n\n<p>Nuotta: &nbsp;&nbsp;&nbsp;&nbsp;&nbsp;&nbsp;&nbsp;&nbsp;&nbsp;&nbsp;&nbsp;&nbsp;&nbsp;&nbsp;&nbsp;&nbsp;&nbsp;&nbsp;&nbsp;&nbsp;&nbsp;&nbsp;&nbsp;&nbsp; osakkaat vapaa,&nbsp;&nbsp;&nbsp;&nbsp;&nbsp;&nbsp;&nbsp;&nbsp;&nbsp;&nbsp;&nbsp; (ulkopuolisille ei sallittu)<\/p>\n\n\n\n<p>Vetouistelulupa:&nbsp;&nbsp;&nbsp;&nbsp;&nbsp;&nbsp;&nbsp;&nbsp;&nbsp;&nbsp;&nbsp;&nbsp; osakkaat 10,00 \u20ac&nbsp;&nbsp;&nbsp;&nbsp;&nbsp;&nbsp;&nbsp;&nbsp;&nbsp;&nbsp; ulkopuoliset 20,00 \u20ac<\/p>\n\n\n\n<p>T\u00e4kyonginta \/ ismete&nbsp;&nbsp;&nbsp;&nbsp; osakkaat 2 \u20ac\/vapa&nbsp;&nbsp;&nbsp;&nbsp;&nbsp;&nbsp;&nbsp;&nbsp; ulkopuoliset 4 \u20ac\/vapa<\/p>\n\n\n\n<p>M\u00f6kin vuokraajille voidaan myyd\u00e4 ulkopuolisten lupia m\u00f6kkikohtaisesti. T\u00e4ll\u00f6in luvan myyntihinta on ulkopuolisen hinta x 2.<\/p>\n\n\n\n<p>Vetouistelukilpailuiden pitolupa ulkopuolisilta j\u00e4rjest\u00e4jilt\u00e4 j\u00e4tet\u00e4\u00e4n hoitokunnan harkittavaksi tapauskohtaisesti.<\/p>\n\n\n\n<p>Pilkkikilpailuiden, sek\u00e4 vetouistelukilpailuiden j\u00e4rjest\u00e4minen osakkaille on vapaa.<\/p>\n\n\n\n<p>Madekoukkupyynti osakkaille ja ulkopuolisille on vapaa.<br><br>Karstulan osakaskunnan myymien lupien lupaehtona on nimi ja yhteystietojen luovutus tiedustelututkimuksia ja osakaskunnan tiedottamista varten.<\/p>\n\n\n\n<h2 class=\"wp-block-heading\"><\/h2>\n\n\n\n<h2 class=\"wp-block-heading\"><strong>K\u00e4ytett\u00e4viss\u00e4 olevat pyydysyksik\u00f6t:<\/strong><\/h2>\n\n\n\n<p>Verkko ( 3 m x &nbsp;30 m tai alle)&nbsp;&nbsp;&nbsp;&nbsp;&nbsp;&nbsp;&nbsp;&nbsp;&nbsp;&nbsp;&nbsp; 1&nbsp;&nbsp;&nbsp;&nbsp;&nbsp;&nbsp;&nbsp;&nbsp;&nbsp;&nbsp;&nbsp;&nbsp;&nbsp;&nbsp;&nbsp; yksikk\u00f6\u00e4<\/p>\n\n\n\n<p>Verkko (yli &nbsp;3 m x &nbsp;30 m) &nbsp;&nbsp;&nbsp;&nbsp;&nbsp;&nbsp;&nbsp;&nbsp;&nbsp;&nbsp;&nbsp;&nbsp;&nbsp;&nbsp;&nbsp;&nbsp;&nbsp; 2 &nbsp;&nbsp;&nbsp;&nbsp;&nbsp;&nbsp;&nbsp;&nbsp;&nbsp;&nbsp;&nbsp;&nbsp;&nbsp;&nbsp; yksikk\u00f6\u00e4<\/p>\n\n\n\n<p>Katiska&nbsp;&nbsp;&nbsp;&nbsp;&nbsp;&nbsp;&nbsp;&nbsp;&nbsp;&nbsp;&nbsp;&nbsp;&nbsp;&nbsp;&nbsp;&nbsp;&nbsp;&nbsp;&nbsp;&nbsp;&nbsp;&nbsp;&nbsp;&nbsp; &nbsp;&nbsp;&nbsp;&nbsp;&nbsp;&nbsp;&nbsp;&nbsp;&nbsp;&nbsp;&nbsp;&nbsp;&nbsp;&nbsp;&nbsp;&nbsp;&nbsp;    1&nbsp;&nbsp;&nbsp;&nbsp;&nbsp;&nbsp;&nbsp;&nbsp;&nbsp;&nbsp;&nbsp;&nbsp;&nbsp;&nbsp;&nbsp; yksikk\u00f6<\/p>\n\n\n\n<p>Nuotta&nbsp;&nbsp;&nbsp;&nbsp;&nbsp;&nbsp;&nbsp;&nbsp;&nbsp;&nbsp;&nbsp;&nbsp;&nbsp;&nbsp;&nbsp;&nbsp;&nbsp;&nbsp;&nbsp;&nbsp;&nbsp;&nbsp;&nbsp;&nbsp;&nbsp; &nbsp;&nbsp;&nbsp;&nbsp;&nbsp;&nbsp;&nbsp;&nbsp;&nbsp;&nbsp;&nbsp;&nbsp;&nbsp;&nbsp;&nbsp;&nbsp;&nbsp; 20&nbsp;&nbsp;&nbsp;&nbsp;&nbsp;&nbsp;&nbsp;&nbsp;&nbsp;&nbsp;&nbsp;&nbsp;&nbsp;&nbsp; yksikk\u00f6\u00e4<\/p>\n\n\n\n<p>Talvinuotta&nbsp;&nbsp;&nbsp;&nbsp;&nbsp;&nbsp;&nbsp;&nbsp;&nbsp;&nbsp;&nbsp;&nbsp;&nbsp;&nbsp;&nbsp;&nbsp;&nbsp;&nbsp;&nbsp; &nbsp;&nbsp;&nbsp;&nbsp;&nbsp;&nbsp;&nbsp;&nbsp;&nbsp;&nbsp;&nbsp;&nbsp;&nbsp;&nbsp;&nbsp; &nbsp; 40&nbsp;&nbsp;&nbsp;&nbsp;&nbsp;&nbsp;&nbsp;&nbsp;&nbsp;&nbsp;&nbsp;&nbsp;&nbsp;&nbsp; yksikk\u00f6\u00e4<\/p>\n\n\n\n<p>Pitk\u00e4siima (100 koukkua)&nbsp;&nbsp;&nbsp;&nbsp;&nbsp;&nbsp;&nbsp;&nbsp;&nbsp;&nbsp;&nbsp;&nbsp;&nbsp;&nbsp;&nbsp;&nbsp; 1&nbsp;&nbsp;&nbsp;&nbsp;&nbsp;&nbsp;&nbsp;&nbsp;&nbsp;&nbsp;&nbsp;&nbsp;&nbsp;&nbsp;&nbsp; yksikk\u00f6\u00e4<\/p>\n\n\n\n<p>Rantarys\u00e4&nbsp;&nbsp;&nbsp;&nbsp;&nbsp;&nbsp;&nbsp;&nbsp;&nbsp;&nbsp;&nbsp;&nbsp;&nbsp;&nbsp;&nbsp;&nbsp;&nbsp;&nbsp;&nbsp;&nbsp; &nbsp;&nbsp;&nbsp;&nbsp;&nbsp;&nbsp;&nbsp;&nbsp;&nbsp;&nbsp;&nbsp;&nbsp;&nbsp;&nbsp;&nbsp;&nbsp;&nbsp;   1&nbsp;&nbsp;&nbsp;&nbsp;&nbsp;&nbsp;&nbsp;&nbsp;&nbsp;&nbsp;&nbsp;&nbsp;&nbsp;&nbsp;&nbsp; yksikk\u00f6\u00e4<\/p>\n\n\n\n<p>Rys\u00e4, korkeus 2,0 m tai alle)&nbsp;&nbsp;&nbsp;&nbsp;&nbsp;&nbsp;&nbsp;&nbsp;&nbsp;&nbsp;&nbsp; 1&nbsp;&nbsp;&nbsp;&nbsp;&nbsp;&nbsp;&nbsp;&nbsp;&nbsp;&nbsp;&nbsp;&nbsp;&nbsp;&nbsp;&nbsp; yksikk\u00f6\u00e4<\/p>\n\n\n\n<p>Rys\u00e4, korkeus yli 2,0 m &nbsp;&nbsp;&nbsp;&nbsp;&nbsp;&nbsp;&nbsp;&nbsp;&nbsp;&nbsp;&nbsp;&nbsp;&nbsp;&nbsp; &nbsp;&nbsp;&nbsp; 4&nbsp;&nbsp;&nbsp;&nbsp;&nbsp;&nbsp;&nbsp;&nbsp;&nbsp;&nbsp;&nbsp;&nbsp;&nbsp;&nbsp;&nbsp; yksikk\u00f6\u00e4<\/p>\n\n\n\n<p>Avorys\u00e4 ja paunetti&nbsp;&nbsp;&nbsp;&nbsp;&nbsp;&nbsp;&nbsp; &nbsp;&nbsp;&nbsp;&nbsp;&nbsp;&nbsp;&nbsp;&nbsp;&nbsp;&nbsp;&nbsp;&nbsp;&nbsp;&nbsp; 20&nbsp;&nbsp;&nbsp;&nbsp;&nbsp;&nbsp;&nbsp;&nbsp;&nbsp;&nbsp;&nbsp;&nbsp;&nbsp;&nbsp; yksikk\u00f6\u00e4<\/p>\n\n\n\n<p>Uistin (3 vapaa)&nbsp;&nbsp;&nbsp;&nbsp;&nbsp;&nbsp;&nbsp;&nbsp;&nbsp;&nbsp;&nbsp;&nbsp; &nbsp;&nbsp;&nbsp;&nbsp;&nbsp;&nbsp;&nbsp;&nbsp;&nbsp;&nbsp;&nbsp;&nbsp;&nbsp;&nbsp;&nbsp;&nbsp;&nbsp; 1&nbsp;&nbsp;&nbsp;&nbsp;&nbsp;&nbsp;&nbsp;&nbsp;&nbsp;&nbsp;&nbsp;&nbsp;&nbsp;&nbsp;&nbsp; yksikk\u00f6\u00e4<\/p>\n\n\n\n<p>Merta&nbsp;&nbsp;&nbsp;&nbsp;&nbsp;&nbsp;&nbsp;&nbsp;&nbsp;&nbsp;&nbsp;&nbsp;&nbsp;&nbsp;&nbsp;&nbsp;&nbsp;&nbsp;&nbsp;&nbsp;&nbsp;&nbsp;&nbsp;&nbsp;&nbsp;&nbsp;&nbsp; &nbsp;&nbsp;&nbsp;&nbsp;&nbsp;&nbsp;&nbsp;&nbsp;&nbsp;&nbsp;&nbsp;&nbsp;&nbsp;&nbsp;&nbsp;&nbsp;&nbsp; 1&nbsp;&nbsp;&nbsp;&nbsp;&nbsp;&nbsp;&nbsp;&nbsp;&nbsp;&nbsp;&nbsp;&nbsp;&nbsp;&nbsp;&nbsp; yksikk\u00f6\u00e4<\/p>\n\n\n\n<p>Rapumerta&nbsp;&nbsp;&nbsp;&nbsp;&nbsp;&nbsp;&nbsp;&nbsp;&nbsp;&nbsp;&nbsp;&nbsp;&nbsp;&nbsp;&nbsp;&nbsp;&nbsp;&nbsp;&nbsp; &nbsp;&nbsp;&nbsp;&nbsp;&nbsp;&nbsp;&nbsp;&nbsp;&nbsp;&nbsp;&nbsp;&nbsp;&nbsp;&nbsp;&nbsp;&nbsp;&nbsp; 1&nbsp;&nbsp;&nbsp;&nbsp;&nbsp;&nbsp;&nbsp;&nbsp;&nbsp;&nbsp;&nbsp;&nbsp;&nbsp;&nbsp;&nbsp; yksikk\u00f6\u00e4<\/p>\n\n\n\n<p><br><\/p>\n\n\n\n<h2 class=\"wp-block-heading\"><strong>Pyynti- ja pyydysrajoitukset sek\u00e4 rauhoitusajat<\/strong><\/h2>\n\n\n\n<p>Verkkokalastus on sallittu 4 verkolla ja lis\u00e4ksi 4 muikkuverkolla ruokakuntaa kohti. Pyynti on sallittu<\/p>\n\n\n\n<p>ainoastaan oman ruokakunnan luvilla. Muikunkalastus sallitaan ainoastaan pintaverkoilla, joiden<\/p>\n\n\n\n<p>korkeus saa olla enint\u00e4\u00e4n 210cm. Verkkokalastuksen rajoitus korkeintaan 4 verkon yhteisjatalla.<\/p>\n\n\n\n<p>Verkko (3mx30m tai alle) 1 yksikk\u00f6. Verkko (yli 3mx30m) 2 yksikk\u00f6\u00e4. Kalastusalue on siirtynyt koko<\/p>\n\n\n\n<p>P\u00e4\u00e4j\u00e4rven alueella 55mm:n pienimp\u00e4\u00e4n sallittuun solmuv\u00e4liin selk\u00e4vesill\u00e4 tapahtuvassa<\/p>\n\n\n\n<p>verkkopyynniss\u00e4. Muilla vesialueilla ei rajoitusta solmuv\u00e4list\u00e4. Kiellet\u00e4\u00e4n muikkuverkkopyynti<\/p>\n\n\n\n<p>kes\u00e4kuun ajaksi. Hauki rauhoitetaan 15. kes\u00e4kuuta \u2013 kaksi viikkoa j\u00e4iden l\u00e4hd\u00f6n<\/p>\n\n\n\n<p>j\u00e4lkeen seuraavilla alueilla: P\u00e4\u00e4j\u00e4rven verkkolahti, Korppisen alapuolen jokisuu n. 150m Humpin<\/p>\n\n\n\n<p>suuntaan. Enojoki rauhoitetaan katiskaa lukuun ottamatta seisovilta pyydyksilt\u00e4. Ylimensalmi \u2013<\/p>\n\n\n\n<p>Myllypuronsuu kalav\u00e4yl\u00e4 on koko vuoden rauhoitettu, kuitenkin talvella mateen pyynti sallittu.<\/p>\n\n\n\n<p>Riuttasalmen sillan levyinen v\u00e4yl\u00e4 500m etel\u00e4\u00e4n ja pohjoiseen rauhoitetaan verkkopyynnilt\u00e4. My\u00f6s<\/p>\n\n\n\n<p>muikun pyynti kiellet\u00e4\u00e4n kyseisill\u00e4 alueilla. Pienell\u00e4 Korppisella Myllyjoen suulla v\u00e4yl\u00e4 on pidett\u00e4v\u00e4<\/p>\n\n\n\n<p>vapaana kalan nousulle.<\/p>\n\n\n\n<p><\/p>\n\n\n\n<h2 class=\"wp-block-heading\"><strong>Vesilintujen mets\u00e4stys, ravustus ja piisamin pyynti 2025<\/strong><\/h2>\n\n\n\n<p>Vesilintujen mets\u00e4stysluvan hinta osakkailta 10,00\u20ac ja ulkopuolisilta 25,00\u20ac, sek\u00e4 kirjaamismaksu<\/p>\n\n\n\n<p>mik\u00e4li sit\u00e4 ei aiemmin kalenterivuonna ole muiden lupien lunastamisen yhteydess\u00e4 maksettu. Kaikki<\/p>\n\n\n\n<p>mets\u00e4st\u00e4j\u00e4t, ik\u00e4\u00e4n katsomatta, lunastavat luvan.<\/p>\n\n\n\n<p>Mets\u00e4stykselt\u00e4 kiellet\u00e4\u00e4n seuraavat alueet: Mustalampi, Humpinlampi, Valkeinen ja Poukanlampi<\/p>\n\n\n\n<p>rauhoitetaan kokonaan. Korppisessa ranta-alue maantiest\u00e4 Helapuron suuhun rauhoitetaan.<\/p>\n\n\n\n<p>Korppisen lintutorni Rasijoen suussa rauhoitetaan 150m:n et\u00e4isyydelt\u00e4 lintutornin ymp\u00e4rilt\u00e4. Kiinteiden<\/p>\n\n\n\n<p>ampumakatosten teko on kielletty. Ravustus on sallittu vain osakkaille. Ravun alamitta 10cm.<\/p>\n\n\n\n<p>Piisamin pyynti on rauhoitettu kokonaan.<\/p>\n\n\n\n<p><\/p>\n\n\n\n<h2 class=\"wp-block-heading\"><strong>Kartta osakaskunnan vesialueista<\/strong><\/h2>\n\n\n\n<div class=\"wp-block-file\"><a id=\"wp-block-file--media-07628e17-1ec0-4dba-b10a-7e7f788893c9\" href=\"https:\/\/saarijarvenreitinkalatalousalue.fi\/karstula\/wp-content\/uploads\/sites\/38\/2024\/02\/karstulan-ok.png\">karstulan ok<\/a><a href=\"https:\/\/saarijarvenreitinkalatalousalue.fi\/karstula\/wp-content\/uploads\/sites\/38\/2024\/02\/karstulan-ok.png\" class=\"wp-block-file__button wp-element-button\" download aria-describedby=\"wp-block-file--media-07628e17-1ec0-4dba-b10a-7e7f788893c9\">Lataa<\/a><\/div>\n\n\n\n<p>KARSTULAN OSAKASKUNTA<br>Johtokunta&nbsp;<\/p>\n","protected":false},"excerpt":{"rendered":"<p>Lupamaksut ja ohjeet KARSTULAN OSAKASKUNTA, PYYDYSMERKKIEN HINNA<strong>T<\/strong> 2026- <strong>Lupaohjeen voi ladata <a href=\"https:\/\/saarijarvenreitinkalatalousalue.fi\/karstula\/wp-content\/uploads\/sites\/38\/2025\/12\/Lupamyyntiohje-2026-kartalla.pdf\" target=\"_blank\" rel=\"noreferrer noopener\">t\u00e4st\u00e4<\/a>.<\/strong> Kalanpyydykset merkit\u00e4\u00e4n entisen k\u00e4yt\u00e4nn\u00f6n mukaan luvanmyyntipisteist\u00e4 ostettavilla yksikk\u00f6merkeill\u00e4. <strong>Lupia myyv\u00e4t: <\/strong><strong>www.ostaluvat.fi<\/strong><strong>Autofixaus ja huolto Pekkala oy, Jyv\u00e4skyl\u00e4ntie 45, 43500 Karstula<\/strong> Kalastusluvat ja pyydysmaksut vuodesta 2026 alkaen (kalenterivuosi): Kalastuslupa eli kirjaamismaksu<\/p>\n<p><a class=\"moretag\" href=\"https:\/\/saarijarvenreitinkalatalousalue.fi\/karstula\/luvat\/lupamaksut-ja-ohjeet\/\"> Lue lis\u00e4\u00e4 ><\/a><\/p>\n","protected":false},"author":1,"featured_media":0,"parent":45,"menu_order":0,"comment_status":"closed","ping_status":"closed","template":"basic-sivu.php","meta":{"_acf_changed":false,"footnotes":""},"class_list":["post-86","page","type-page","status-publish","hentry"],"acf":[],"yoast_head":"<!-- This site is optimized with the Yoast SEO plugin v27.1.1 - https:\/\/yoast.com\/product\/yoast-seo-wordpress\/ -->\n<title>Lupamaksut ja ohjeet - Karstulan osakaskunta<\/title>\n<meta name=\"robots\" content=\"index, follow, max-snippet:-1, max-image-preview:large, max-video-preview:-1\" \/>\n<link rel=\"canonical\" href=\"https:\/\/saarijarvenreitinkalatalousalue.fi\/karstula\/luvat\/lupamaksut-ja-ohjeet\/\" \/>\n<meta property=\"og:locale\" content=\"fi_FI\" \/>\n<meta property=\"og:type\" content=\"article\" \/>\n<meta property=\"og:title\" content=\"Lupamaksut ja ohjeet - Karstulan osakaskunta\" \/>\n<meta property=\"og:description\" content=\"Lupamaksut ja ohjeet KARSTULAN OSAKASKUNTA, PYYDYSMERKKIEN HINNAT 2026- Lupaohjeen voi ladata t\u00e4st\u00e4. Kalanpyydykset merkit\u00e4\u00e4n entisen k\u00e4yt\u00e4nn\u00f6n mukaan luvanmyyntipisteist\u00e4 ostettavilla yksikk\u00f6merkeill\u00e4. Lupia myyv\u00e4t: www.ostaluvat.fiAutofixaus ja huolto Pekkala oy, Jyv\u00e4skyl\u00e4ntie 45, 43500 Karstula Kalastusluvat ja pyydysmaksut vuodesta 2026 alkaen (kalenterivuosi): Kalastuslupa eli kirjaamismaksu Lue lis\u00e4\u00e4 &gt;\" \/>\n<meta property=\"og:url\" content=\"https:\/\/saarijarvenreitinkalatalousalue.fi\/karstula\/luvat\/lupamaksut-ja-ohjeet\/\" \/>\n<meta property=\"og:site_name\" content=\"Karstulan osakaskunta\" \/>\n<meta property=\"article:modified_time\" content=\"2025-12-18T07:10:33+00:00\" \/>\n<meta name=\"twitter:card\" content=\"summary_large_image\" \/>\n<meta name=\"twitter:label1\" content=\"Arvioitu lukuaika\" \/>\n\t<meta name=\"twitter:data1\" content=\"3 minuuttia\" \/>\n<script type=\"application\/ld+json\" class=\"yoast-schema-graph\">{\"@context\":\"https:\/\/schema.org\",\"@graph\":[{\"@type\":\"WebPage\",\"@id\":\"https:\/\/saarijarvenreitinkalatalousalue.fi\/karstula\/luvat\/lupamaksut-ja-ohjeet\/\",\"url\":\"https:\/\/saarijarvenreitinkalatalousalue.fi\/karstula\/luvat\/lupamaksut-ja-ohjeet\/\",\"name\":\"Lupamaksut ja ohjeet - Karstulan osakaskunta\",\"isPartOf\":{\"@id\":\"https:\/\/saarijarvenreitinkalatalousalue.fi\/karstula\/#website\"},\"datePublished\":\"2020-10-29T11:39:36+00:00\",\"dateModified\":\"2025-12-18T07:10:33+00:00\",\"breadcrumb\":{\"@id\":\"https:\/\/saarijarvenreitinkalatalousalue.fi\/karstula\/luvat\/lupamaksut-ja-ohjeet\/#breadcrumb\"},\"inLanguage\":\"fi\",\"potentialAction\":[{\"@type\":\"ReadAction\",\"target\":[\"https:\/\/saarijarvenreitinkalatalousalue.fi\/karstula\/luvat\/lupamaksut-ja-ohjeet\/\"]}]},{\"@type\":\"BreadcrumbList\",\"@id\":\"https:\/\/saarijarvenreitinkalatalousalue.fi\/karstula\/luvat\/lupamaksut-ja-ohjeet\/#breadcrumb\",\"itemListElement\":[{\"@type\":\"ListItem\",\"position\":1,\"name\":\"Home\",\"item\":\"https:\/\/saarijarvenreitinkalatalousalue.fi\/karstula\/\"},{\"@type\":\"ListItem\",\"position\":2,\"name\":\"Yksityinen: Luvat\",\"item\":\"https:\/\/saarijarvenreitinkalatalousalue.fi\/karstula\/?page_id=45\"},{\"@type\":\"ListItem\",\"position\":3,\"name\":\"Lupamaksut ja ohjeet\"}]},{\"@type\":\"WebSite\",\"@id\":\"https:\/\/saarijarvenreitinkalatalousalue.fi\/karstula\/#website\",\"url\":\"https:\/\/saarijarvenreitinkalatalousalue.fi\/karstula\/\",\"name\":\"Karstulan osakaskunta\",\"description\":\"\",\"potentialAction\":[{\"@type\":\"SearchAction\",\"target\":{\"@type\":\"EntryPoint\",\"urlTemplate\":\"https:\/\/saarijarvenreitinkalatalousalue.fi\/karstula\/?s={search_term_string}\"},\"query-input\":{\"@type\":\"PropertyValueSpecification\",\"valueRequired\":true,\"valueName\":\"search_term_string\"}}],\"inLanguage\":\"fi\"}]}<\/script>\n<!-- \/ Yoast SEO plugin. -->","yoast_head_json":{"title":"Lupamaksut ja ohjeet - Karstulan osakaskunta","robots":{"index":"index","follow":"follow","max-snippet":"max-snippet:-1","max-image-preview":"max-image-preview:large","max-video-preview":"max-video-preview:-1"},"canonical":"https:\/\/saarijarvenreitinkalatalousalue.fi\/karstula\/luvat\/lupamaksut-ja-ohjeet\/","og_locale":"fi_FI","og_type":"article","og_title":"Lupamaksut ja ohjeet - Karstulan osakaskunta","og_description":"Lupamaksut ja ohjeet KARSTULAN OSAKASKUNTA, PYYDYSMERKKIEN HINNAT 2026- Lupaohjeen voi ladata t\u00e4st\u00e4. Kalanpyydykset merkit\u00e4\u00e4n entisen k\u00e4yt\u00e4nn\u00f6n mukaan luvanmyyntipisteist\u00e4 ostettavilla yksikk\u00f6merkeill\u00e4. Lupia myyv\u00e4t: www.ostaluvat.fiAutofixaus ja huolto Pekkala oy, Jyv\u00e4skyl\u00e4ntie 45, 43500 Karstula Kalastusluvat ja pyydysmaksut vuodesta 2026 alkaen (kalenterivuosi): Kalastuslupa eli kirjaamismaksu Lue lis\u00e4\u00e4 >","og_url":"https:\/\/saarijarvenreitinkalatalousalue.fi\/karstula\/luvat\/lupamaksut-ja-ohjeet\/","og_site_name":"Karstulan osakaskunta","article_modified_time":"2025-12-18T07:10:33+00:00","twitter_card":"summary_large_image","twitter_misc":{"Arvioitu lukuaika":"3 minuuttia"},"schema":{"@context":"https:\/\/schema.org","@graph":[{"@type":"WebPage","@id":"https:\/\/saarijarvenreitinkalatalousalue.fi\/karstula\/luvat\/lupamaksut-ja-ohjeet\/","url":"https:\/\/saarijarvenreitinkalatalousalue.fi\/karstula\/luvat\/lupamaksut-ja-ohjeet\/","name":"Lupamaksut ja ohjeet - Karstulan osakaskunta","isPartOf":{"@id":"https:\/\/saarijarvenreitinkalatalousalue.fi\/karstula\/#website"},"datePublished":"2020-10-29T11:39:36+00:00","dateModified":"2025-12-18T07:10:33+00:00","breadcrumb":{"@id":"https:\/\/saarijarvenreitinkalatalousalue.fi\/karstula\/luvat\/lupamaksut-ja-ohjeet\/#breadcrumb"},"inLanguage":"fi","potentialAction":[{"@type":"ReadAction","target":["https:\/\/saarijarvenreitinkalatalousalue.fi\/karstula\/luvat\/lupamaksut-ja-ohjeet\/"]}]},{"@type":"BreadcrumbList","@id":"https:\/\/saarijarvenreitinkalatalousalue.fi\/karstula\/luvat\/lupamaksut-ja-ohjeet\/#breadcrumb","itemListElement":[{"@type":"ListItem","position":1,"name":"Home","item":"https:\/\/saarijarvenreitinkalatalousalue.fi\/karstula\/"},{"@type":"ListItem","position":2,"name":"Yksityinen: Luvat","item":"https:\/\/saarijarvenreitinkalatalousalue.fi\/karstula\/?page_id=45"},{"@type":"ListItem","position":3,"name":"Lupamaksut ja ohjeet"}]},{"@type":"WebSite","@id":"https:\/\/saarijarvenreitinkalatalousalue.fi\/karstula\/#website","url":"https:\/\/saarijarvenreitinkalatalousalue.fi\/karstula\/","name":"Karstulan osakaskunta","description":"","potentialAction":[{"@type":"SearchAction","target":{"@type":"EntryPoint","urlTemplate":"https:\/\/saarijarvenreitinkalatalousalue.fi\/karstula\/?s={search_term_string}"},"query-input":{"@type":"PropertyValueSpecification","valueRequired":true,"valueName":"search_term_string"}}],"inLanguage":"fi"}]}},"_links":{"self":[{"href":"https:\/\/saarijarvenreitinkalatalousalue.fi\/karstula\/wp-json\/wp\/v2\/pages\/86","targetHints":{"allow":["GET"]}}],"collection":[{"href":"https:\/\/saarijarvenreitinkalatalousalue.fi\/karstula\/wp-json\/wp\/v2\/pages"}],"about":[{"href":"https:\/\/saarijarvenreitinkalatalousalue.fi\/karstula\/wp-json\/wp\/v2\/types\/page"}],"author":[{"embeddable":true,"href":"https:\/\/saarijarvenreitinkalatalousalue.fi\/karstula\/wp-json\/wp\/v2\/users\/1"}],"replies":[{"embeddable":true,"href":"https:\/\/saarijarvenreitinkalatalousalue.fi\/karstula\/wp-json\/wp\/v2\/comments?post=86"}],"version-history":[{"count":28,"href":"https:\/\/saarijarvenreitinkalatalousalue.fi\/karstula\/wp-json\/wp\/v2\/pages\/86\/revisions"}],"predecessor-version":[{"id":297,"href":"https:\/\/saarijarvenreitinkalatalousalue.fi\/karstula\/wp-json\/wp\/v2\/pages\/86\/revisions\/297"}],"up":[{"embeddable":true,"href":"https:\/\/saarijarvenreitinkalatalousalue.fi\/karstula\/wp-json\/wp\/v2\/pages\/45"}],"wp:attachment":[{"href":"https:\/\/saarijarvenreitinkalatalousalue.fi\/karstula\/wp-json\/wp\/v2\/media?parent=86"}],"curies":[{"name":"wp","href":"https:\/\/api.w.org\/{rel}","templated":true}]}}