{"id":337,"date":"2022-05-17T17:44:10","date_gmt":"2022-05-17T17:44:10","guid":{"rendered":"https:\/\/saarijarvenreitinkalatalousalue.fi\/kyyra\/?page_id=337"},"modified":"2024-05-03T17:58:04","modified_gmt":"2024-05-03T17:58:04","slug":"alamitat-rajoitukset-ja-valvonta","status":"publish","type":"page","link":"https:\/\/saarijarvenreitinkalatalousalue.fi\/kyyra\/alamitat-rajoitukset-ja-valvonta\/","title":{"rendered":"Alamitat, rajoitukset ja valvonta"},"content":{"rendered":"\n<h1 class=\"wp-block-heading\">Alamitat, rajoitukset ja kalastuksen valvonta<\/h1>\n\n\n\n<p>Seuraavat alamitat ja rajoitukset koskevat kaikkea kalastusta Kyyr\u00e4n kalastuskunnan aluevesill\u00e4. Muistathan perehty\u00e4 my\u00f6s muihin lupaehtoihin Luvat-sivun alta l\u00f6ytyvien sivujen kautta.<\/p>\n\n\n\n<h2 class=\"wp-block-heading\">Alamitat<\/h2>\n\n\n\n<ul class=\"wp-block-list\">\n<li>Kuha 45 cm<\/li>\n\n\n\n<li>Harjus 35 cm<\/li>\n\n\n\n<li>Rasvaev\u00e4leikattu taimen:\n<ul class=\"wp-block-list\">\n<li>50 cm virtavesiss\u00e4<\/li>\n\n\n\n<li>60 cm j\u00e4rvialueilla<\/li>\n<\/ul>\n<\/li>\n\n\n\n<li>Rasvaev\u00e4llinen taimen on rauhoitettu kokonaan<\/li>\n<\/ul>\n\n\n\n<h2 class=\"wp-block-heading\">Rajoitukset<\/h2>\n\n\n\n<p>Perehdyth\u00e4n tarkempiin ja vuodenajasta riippuvaisiin rajoituksiin osoitteessa <a href=\"https:\/\/kalastusrajoitus.fi\/\">https:\/\/kalastusrajoitus.fi\/<\/a>.<\/p>\n\n\n\n<h3 class=\"wp-block-heading\">Kyyr\u00e4n osakaskunnan rajoitukset<\/h3>\n\n\n\n<ul class=\"wp-block-list\">\n<li>Verkon solmuv\u00e4li alle 4 m:ss\u00e4 vapaa rantavesiss\u00e4. Yli 4 m:ss\u00e4 55 mm ymp\u00e4ri vuoden.<\/li>\n\n\n\n<li><strong>Sahissa <\/strong>(<em>ELY -keskuksen m\u00e4\u00e4rittelem\u00e4 kalastuskieltoalue<\/em>) verkkopyynti sek\u00e4 moottorilla (my\u00f6s s\u00e4hk\u00f6moottorilla) uistelu.<\/li>\n\n\n\n<li><strong>Lannejoessa<\/strong> ja <strong>Summakoskessa<\/strong> kiinte\u00e4t pyydykset kielletty, my\u00f6s joen suussa Summasen puolella Honkalan savusaunan kohdalle ja Lanneveden puolella n. 50 m joen suusta on verkkokielto.\n<ul class=\"wp-block-list\">\n<li>Sek\u00e4 Lannejoessa ett\u00e4 Summakoskessa vapakalastus ja uistelu kielletty ilman erillist\u00e4 kalastuslupaa n. 50 m joen suusta joen molemmissa p\u00e4iss\u00e4.<\/li>\n<\/ul>\n<\/li>\n\n\n\n<li><strong>Tuulastus <\/strong>on kielletty lohi- ja siikapitoisessa joessa, koskessa ja virtapaikassa.<\/li>\n\n\n\n<li><strong>Ravustus <\/strong>on kielletty.<\/li>\n<\/ul>\n\n\n\n<h3 class=\"wp-block-heading\">Kalatusrajoitus.fi:n rajoitukset<\/h3>\n\n\n\n<p>Kalastusrajoituspalvelusta l\u00f6ytyy tietoa, mitk\u00e4 alueet ovat yleiskalastusoikeuksien ulkopuolella. Palvelusta l\u00f6ytyv\u00e4t vesialueet, joissa ongintaa, pilkint\u00e4\u00e4 ja viehekalastusta on rajoitettu kalastuslain ja ELY-keskusten p\u00e4\u00e4t\u00f6sten nojalla. Alla Kyyr\u00e4n osakaskunnan kalastusaluetta koskevat t\u00e4rkeimm\u00e4t rajoitukset.<\/p>\n\n\n\n<figure class=\"wp-block-image size-full\"><img loading=\"lazy\" decoding=\"async\" width=\"1012\" height=\"934\" src=\"https:\/\/saarijarvenreitinkalatalousalue.fi\/kyyra\/wp-content\/uploads\/sites\/44\/2024\/05\/image.png\" alt=\"\" class=\"wp-image-459\" srcset=\"https:\/\/saarijarvenreitinkalatalousalue.fi\/kyyra\/wp-content\/uploads\/sites\/44\/2024\/05\/image.png 1012w, https:\/\/saarijarvenreitinkalatalousalue.fi\/kyyra\/wp-content\/uploads\/sites\/44\/2024\/05\/image-300x277.png 300w, https:\/\/saarijarvenreitinkalatalousalue.fi\/kyyra\/wp-content\/uploads\/sites\/44\/2024\/05\/image-768x709.png 768w\" sizes=\"auto, (max-width: 1012px) 100vw, 1012px\" \/><figcaption class=\"wp-element-caption\"><strong><em>Kuva 1: Lannejoki<\/em><\/strong><\/figcaption><\/figure>\n\n\n\n<p>Kuvassa 1 <strong>merkitty punaisella merkill\u00e4<\/strong> ja <strong>v\u00e4rj\u00e4tty kaikkein tummimmalla violetilla<\/strong> Lannejoki, jossa koski- ja virta-alueilla on yleiskalastusoikeudet (KalL 7 \u00a7; onkiminen, pilkkiminen ja kalastonhoitomaksuun tai ik\u00e4\u00e4n perustuva viehekalastus) kielletty. Kalastuslain 4 \u00a7:n mukaista vaelluskalavesist\u00f6n koski- ja virta-aluetta on vesialue, jossa vesi virtaa silmin havaittavasti alavirtaan p\u00e4in ja virtapaikan yl\u00e4vesi on alavett\u00e4 ylemp\u00e4n\u00e4.<\/p>\n\n\n\n<p>Kuvassa 1 <strong>merkitty keltaisilla merkeill\u00e4<\/strong> ja <strong>v\u00e4rj\u00e4tty toiseksi tummimmalla violetilla<\/strong> Lannejoen yl\u00e4juoksu (etel\u00e4p\u00e4\u00e4, kuvassa alhaalla) ja alajuoksu (pohjoisp\u00e4\u00e4, kuvassa ylh\u00e4\u00e4ll\u00e4), joissa molemmissa<\/p>\n\n\n\n<ul class=\"wp-block-list\">\n<li>kalastus kielletty solmuv\u00e4lilt\u00e4\u00e4n alle 55 mm verkoilla vuosittain 1.4.-15.6. v\u00e4lisen\u00e4 aikana.<\/li>\n\n\n\n<li>kalastus kielletty solmuv\u00e4lilt\u00e4\u00e4n yli 20 mm verkoilla vuosittain 1.9.-30.11. v\u00e4lisen\u00e4 aikana.<\/li>\n<\/ul>\n\n\n\n<figure class=\"wp-block-image size-large\"><img loading=\"lazy\" decoding=\"async\" width=\"1024\" height=\"710\" src=\"https:\/\/saarijarvenreitinkalatalousalue.fi\/kyyra\/wp-content\/uploads\/sites\/44\/2024\/05\/image-1-1024x710.png\" alt=\"\" class=\"wp-image-461\" srcset=\"https:\/\/saarijarvenreitinkalatalousalue.fi\/kyyra\/wp-content\/uploads\/sites\/44\/2024\/05\/image-1-1024x710.png 1024w, https:\/\/saarijarvenreitinkalatalousalue.fi\/kyyra\/wp-content\/uploads\/sites\/44\/2024\/05\/image-1-300x208.png 300w, https:\/\/saarijarvenreitinkalatalousalue.fi\/kyyra\/wp-content\/uploads\/sites\/44\/2024\/05\/image-1-768x533.png 768w, https:\/\/saarijarvenreitinkalatalousalue.fi\/kyyra\/wp-content\/uploads\/sites\/44\/2024\/05\/image-1-1536x1065.png 1536w, https:\/\/saarijarvenreitinkalatalousalue.fi\/kyyra\/wp-content\/uploads\/sites\/44\/2024\/05\/image-1.png 1717w\" sizes=\"auto, (max-width: 1024px) 100vw, 1024px\" \/><figcaption class=\"wp-element-caption\"><strong><em>Kuva 2: Summaskoski<\/em><\/strong><\/figcaption><\/figure>\n\n\n\n<p>Kuvassa 2 <strong>merkitty punaisella merkill\u00e4<\/strong> ja <strong>v\u00e4rj\u00e4tty kaikkein tummimmalla violetilla<\/strong> Summaskoski, jossa yleiskalastusoikeudet (KalL 7 \u00a7; onkiminen, pilkkiminen ja kalastonhoitomaksuun tai ik\u00e4\u00e4n perustuva viehekalastus) on kielletty karttaan merkityll\u00e4 alueella.<\/p>\n\n\n\n<p>Kuvassa 2 merkitty keltaisilla merkeill\u00e4 ja toiseksi tummimmalla violetilla Summaskosken yl\u00e4juoksu (l\u00e4nsip\u00e4\u00e4, kuvassa vasemmalla) ja alajuoksu (it\u00e4p\u00e4\u00e4, kuvassa oikealla), joissa molemmissa<\/p>\n\n\n\n<ul class=\"wp-block-list\">\n<li>kalastus kielletty solmuv\u00e4lilt\u00e4\u00e4n alle 55 mm verkoilla vuosittain 1.4.-15.6. v\u00e4lisen\u00e4 aikana.<\/li>\n\n\n\n<li>kalastus kielletty yli 20 mm verkoilla vuosittain 1.9.-30.11. v\u00e4lisen\u00e4 aikana.<\/li>\n<\/ul>\n\n\n\n<h2 class=\"wp-block-heading\">Kalastuksen valvonta<\/h2>\n\n\n\n<p>Viranomaisten lis\u00e4ksi teht\u00e4v\u00e4\u00e4 hoitavat koulutetut valvojat.<\/p>\n","protected":false},"excerpt":{"rendered":"<p>Alamitat, rajoitukset ja kalastuksen valvonta Seuraavat alamitat ja rajoitukset koskevat kaikkea kalastusta Kyyr\u00e4n kalastuskunnan aluevesill\u00e4. Muistathan perehty\u00e4 my\u00f6s muihin lupaehtoihin Luvat-sivun alta l\u00f6ytyvien sivujen kautta. Alamitat Kuha 45 cm Harjus 35 cm Rasvaev\u00e4leikattu taimen: 50 cm virtavesiss\u00e4 60 cm j\u00e4rvialueilla Rasvaev\u00e4llinen taimen on rauhoitettu kokonaan<\/p>\n<p><a class=\"moretag\" href=\"https:\/\/saarijarvenreitinkalatalousalue.fi\/kyyra\/alamitat-rajoitukset-ja-valvonta\/\"> Lue lis\u00e4\u00e4 ><\/a><\/p>\n","protected":false},"author":20,"featured_media":0,"parent":0,"menu_order":0,"comment_status":"closed","ping_status":"closed","template":"basic-sivu.php","meta":{"_acf_changed":false,"footnotes":""},"class_list":["post-337","page","type-page","status-publish","hentry"],"acf":[],"yoast_head":"<!-- This site is optimized with the Yoast SEO plugin v27.1.1 - https:\/\/yoast.com\/product\/yoast-seo-wordpress\/ -->\n<title>Alamitat, rajoitukset ja valvonta - Kyyr\u00e4n osakaskunta<\/title>\n<meta name=\"description\" content=\"Kyyr\u00e4n kalastuskunnan vesialuetta koskevat alamitat, rajoitukset ja kalastuksen valvonta.\" \/>\n<meta name=\"robots\" content=\"index, follow, max-snippet:-1, max-image-preview:large, max-video-preview:-1\" \/>\n<link rel=\"canonical\" href=\"https:\/\/saarijarvenreitinkalatalousalue.fi\/kyyra\/alamitat-rajoitukset-ja-valvonta\/\" \/>\n<meta property=\"og:locale\" content=\"fi_FI\" \/>\n<meta property=\"og:type\" content=\"article\" \/>\n<meta property=\"og:title\" content=\"Alamitat, rajoitukset ja valvonta - Kyyr\u00e4n osakaskunta\" \/>\n<meta property=\"og:description\" content=\"Kyyr\u00e4n kalastuskunnan vesialuetta koskevat alamitat, rajoitukset ja kalastuksen valvonta.\" \/>\n<meta property=\"og:url\" content=\"https:\/\/saarijarvenreitinkalatalousalue.fi\/kyyra\/alamitat-rajoitukset-ja-valvonta\/\" \/>\n<meta property=\"og:site_name\" content=\"Kyyr\u00e4n osakaskunta\" \/>\n<meta property=\"article:modified_time\" content=\"2024-05-03T17:58:04+00:00\" \/>\n<meta property=\"og:image\" content=\"https:\/\/saarijarvenreitinkalatalousalue.fi\/kyyra\/wp-content\/uploads\/sites\/44\/2024\/05\/image.png\" \/>\n<meta name=\"twitter:card\" content=\"summary_large_image\" \/>\n<meta name=\"twitter:label1\" content=\"Arvioitu lukuaika\" \/>\n\t<meta name=\"twitter:data1\" content=\"3 minuuttia\" \/>\n<script type=\"application\/ld+json\" class=\"yoast-schema-graph\">{\"@context\":\"https:\/\/schema.org\",\"@graph\":[{\"@type\":\"WebPage\",\"@id\":\"https:\/\/saarijarvenreitinkalatalousalue.fi\/kyyra\/alamitat-rajoitukset-ja-valvonta\/\",\"url\":\"https:\/\/saarijarvenreitinkalatalousalue.fi\/kyyra\/alamitat-rajoitukset-ja-valvonta\/\",\"name\":\"Alamitat, rajoitukset ja valvonta - Kyyr\u00e4n osakaskunta\",\"isPartOf\":{\"@id\":\"https:\/\/saarijarvenreitinkalatalousalue.fi\/kyyra\/#website\"},\"primaryImageOfPage\":{\"@id\":\"https:\/\/saarijarvenreitinkalatalousalue.fi\/kyyra\/alamitat-rajoitukset-ja-valvonta\/#primaryimage\"},\"image\":{\"@id\":\"https:\/\/saarijarvenreitinkalatalousalue.fi\/kyyra\/alamitat-rajoitukset-ja-valvonta\/#primaryimage\"},\"thumbnailUrl\":\"https:\/\/saarijarvenreitinkalatalousalue.fi\/kyyra\/wp-content\/uploads\/sites\/44\/2024\/05\/image.png\",\"datePublished\":\"2022-05-17T17:44:10+00:00\",\"dateModified\":\"2024-05-03T17:58:04+00:00\",\"description\":\"Kyyr\u00e4n kalastuskunnan vesialuetta koskevat alamitat, rajoitukset ja kalastuksen valvonta.\",\"breadcrumb\":{\"@id\":\"https:\/\/saarijarvenreitinkalatalousalue.fi\/kyyra\/alamitat-rajoitukset-ja-valvonta\/#breadcrumb\"},\"inLanguage\":\"fi\",\"potentialAction\":[{\"@type\":\"ReadAction\",\"target\":[\"https:\/\/saarijarvenreitinkalatalousalue.fi\/kyyra\/alamitat-rajoitukset-ja-valvonta\/\"]}]},{\"@type\":\"ImageObject\",\"inLanguage\":\"fi\",\"@id\":\"https:\/\/saarijarvenreitinkalatalousalue.fi\/kyyra\/alamitat-rajoitukset-ja-valvonta\/#primaryimage\",\"url\":\"https:\/\/saarijarvenreitinkalatalousalue.fi\/kyyra\/wp-content\/uploads\/sites\/44\/2024\/05\/image.png\",\"contentUrl\":\"https:\/\/saarijarvenreitinkalatalousalue.fi\/kyyra\/wp-content\/uploads\/sites\/44\/2024\/05\/image.png\",\"width\":1012,\"height\":934},{\"@type\":\"BreadcrumbList\",\"@id\":\"https:\/\/saarijarvenreitinkalatalousalue.fi\/kyyra\/alamitat-rajoitukset-ja-valvonta\/#breadcrumb\",\"itemListElement\":[{\"@type\":\"ListItem\",\"position\":1,\"name\":\"Home\",\"item\":\"https:\/\/saarijarvenreitinkalatalousalue.fi\/kyyra\/\"},{\"@type\":\"ListItem\",\"position\":2,\"name\":\"Alamitat, rajoitukset ja valvonta\"}]},{\"@type\":\"WebSite\",\"@id\":\"https:\/\/saarijarvenreitinkalatalousalue.fi\/kyyra\/#website\",\"url\":\"https:\/\/saarijarvenreitinkalatalousalue.fi\/kyyra\/\",\"name\":\"Kyyr\u00e4n osakaskunta\",\"description\":\"\",\"potentialAction\":[{\"@type\":\"SearchAction\",\"target\":{\"@type\":\"EntryPoint\",\"urlTemplate\":\"https:\/\/saarijarvenreitinkalatalousalue.fi\/kyyra\/?s={search_term_string}\"},\"query-input\":{\"@type\":\"PropertyValueSpecification\",\"valueRequired\":true,\"valueName\":\"search_term_string\"}}],\"inLanguage\":\"fi\"}]}<\/script>\n<!-- \/ Yoast SEO plugin. -->","yoast_head_json":{"title":"Alamitat, rajoitukset ja valvonta - Kyyr\u00e4n osakaskunta","description":"Kyyr\u00e4n kalastuskunnan vesialuetta koskevat alamitat, rajoitukset ja kalastuksen valvonta.","robots":{"index":"index","follow":"follow","max-snippet":"max-snippet:-1","max-image-preview":"max-image-preview:large","max-video-preview":"max-video-preview:-1"},"canonical":"https:\/\/saarijarvenreitinkalatalousalue.fi\/kyyra\/alamitat-rajoitukset-ja-valvonta\/","og_locale":"fi_FI","og_type":"article","og_title":"Alamitat, rajoitukset ja valvonta - Kyyr\u00e4n osakaskunta","og_description":"Kyyr\u00e4n kalastuskunnan vesialuetta koskevat alamitat, rajoitukset ja kalastuksen valvonta.","og_url":"https:\/\/saarijarvenreitinkalatalousalue.fi\/kyyra\/alamitat-rajoitukset-ja-valvonta\/","og_site_name":"Kyyr\u00e4n osakaskunta","article_modified_time":"2024-05-03T17:58:04+00:00","og_image":[{"url":"https:\/\/saarijarvenreitinkalatalousalue.fi\/kyyra\/wp-content\/uploads\/sites\/44\/2024\/05\/image.png","type":"","width":"","height":""}],"twitter_card":"summary_large_image","twitter_misc":{"Arvioitu lukuaika":"3 minuuttia"},"schema":{"@context":"https:\/\/schema.org","@graph":[{"@type":"WebPage","@id":"https:\/\/saarijarvenreitinkalatalousalue.fi\/kyyra\/alamitat-rajoitukset-ja-valvonta\/","url":"https:\/\/saarijarvenreitinkalatalousalue.fi\/kyyra\/alamitat-rajoitukset-ja-valvonta\/","name":"Alamitat, rajoitukset ja valvonta - Kyyr\u00e4n osakaskunta","isPartOf":{"@id":"https:\/\/saarijarvenreitinkalatalousalue.fi\/kyyra\/#website"},"primaryImageOfPage":{"@id":"https:\/\/saarijarvenreitinkalatalousalue.fi\/kyyra\/alamitat-rajoitukset-ja-valvonta\/#primaryimage"},"image":{"@id":"https:\/\/saarijarvenreitinkalatalousalue.fi\/kyyra\/alamitat-rajoitukset-ja-valvonta\/#primaryimage"},"thumbnailUrl":"https:\/\/saarijarvenreitinkalatalousalue.fi\/kyyra\/wp-content\/uploads\/sites\/44\/2024\/05\/image.png","datePublished":"2022-05-17T17:44:10+00:00","dateModified":"2024-05-03T17:58:04+00:00","description":"Kyyr\u00e4n kalastuskunnan vesialuetta koskevat alamitat, rajoitukset ja kalastuksen valvonta.","breadcrumb":{"@id":"https:\/\/saarijarvenreitinkalatalousalue.fi\/kyyra\/alamitat-rajoitukset-ja-valvonta\/#breadcrumb"},"inLanguage":"fi","potentialAction":[{"@type":"ReadAction","target":["https:\/\/saarijarvenreitinkalatalousalue.fi\/kyyra\/alamitat-rajoitukset-ja-valvonta\/"]}]},{"@type":"ImageObject","inLanguage":"fi","@id":"https:\/\/saarijarvenreitinkalatalousalue.fi\/kyyra\/alamitat-rajoitukset-ja-valvonta\/#primaryimage","url":"https:\/\/saarijarvenreitinkalatalousalue.fi\/kyyra\/wp-content\/uploads\/sites\/44\/2024\/05\/image.png","contentUrl":"https:\/\/saarijarvenreitinkalatalousalue.fi\/kyyra\/wp-content\/uploads\/sites\/44\/2024\/05\/image.png","width":1012,"height":934},{"@type":"BreadcrumbList","@id":"https:\/\/saarijarvenreitinkalatalousalue.fi\/kyyra\/alamitat-rajoitukset-ja-valvonta\/#breadcrumb","itemListElement":[{"@type":"ListItem","position":1,"name":"Home","item":"https:\/\/saarijarvenreitinkalatalousalue.fi\/kyyra\/"},{"@type":"ListItem","position":2,"name":"Alamitat, rajoitukset ja valvonta"}]},{"@type":"WebSite","@id":"https:\/\/saarijarvenreitinkalatalousalue.fi\/kyyra\/#website","url":"https:\/\/saarijarvenreitinkalatalousalue.fi\/kyyra\/","name":"Kyyr\u00e4n osakaskunta","description":"","potentialAction":[{"@type":"SearchAction","target":{"@type":"EntryPoint","urlTemplate":"https:\/\/saarijarvenreitinkalatalousalue.fi\/kyyra\/?s={search_term_string}"},"query-input":{"@type":"PropertyValueSpecification","valueRequired":true,"valueName":"search_term_string"}}],"inLanguage":"fi"}]}},"_links":{"self":[{"href":"https:\/\/saarijarvenreitinkalatalousalue.fi\/kyyra\/wp-json\/wp\/v2\/pages\/337","targetHints":{"allow":["GET"]}}],"collection":[{"href":"https:\/\/saarijarvenreitinkalatalousalue.fi\/kyyra\/wp-json\/wp\/v2\/pages"}],"about":[{"href":"https:\/\/saarijarvenreitinkalatalousalue.fi\/kyyra\/wp-json\/wp\/v2\/types\/page"}],"author":[{"embeddable":true,"href":"https:\/\/saarijarvenreitinkalatalousalue.fi\/kyyra\/wp-json\/wp\/v2\/users\/20"}],"replies":[{"embeddable":true,"href":"https:\/\/saarijarvenreitinkalatalousalue.fi\/kyyra\/wp-json\/wp\/v2\/comments?post=337"}],"version-history":[{"count":11,"href":"https:\/\/saarijarvenreitinkalatalousalue.fi\/kyyra\/wp-json\/wp\/v2\/pages\/337\/revisions"}],"predecessor-version":[{"id":463,"href":"https:\/\/saarijarvenreitinkalatalousalue.fi\/kyyra\/wp-json\/wp\/v2\/pages\/337\/revisions\/463"}],"wp:attachment":[{"href":"https:\/\/saarijarvenreitinkalatalousalue.fi\/kyyra\/wp-json\/wp\/v2\/media?parent=337"}],"curies":[{"name":"wp","href":"https:\/\/api.w.org\/{rel}","templated":true}]}}