{"id":90,"date":"2020-10-29T11:42:18","date_gmt":"2020-10-29T11:42:18","guid":{"rendered":"http:\/\/89.166.51.80\/~saarijarven\/hameenmaen-osakaskunta\/?page_id=90"},"modified":"2023-04-25T17:13:56","modified_gmt":"2023-04-25T17:13:56","slug":"luvanmyyjat","status":"publish","type":"page","link":"https:\/\/saarijarvenreitinkalatalousalue.fi\/kyyra\/luvat\/luvanmyyjat\/","title":{"rendered":"Luvanmyyj\u00e4t"},"content":{"rendered":"\n<h2 class=\"wp-block-heading\">Luvanmyyj\u00e4t<\/h2>\n\n\n\n<ul class=\"wp-block-list\">\n<li><a href=\"https:\/\/www.ostaluvat.fi\/\">www.ostaluvat.fi<\/a><\/li>\n\n\n\n<li><strong>Otto Rautiainen<\/strong>\n<ul class=\"wp-block-list\">\n<li>Pyydysmerkkien myynti<\/li>\n\n\n\n<li>Lannejoen vapakalastusluvat (perho- ja virvel\u00f6intiluvat)<\/li>\n\n\n\n<li>Summakosken vapakalastusluvat<\/li>\n\n\n\n<li>Virkistyskalastus (lis\u00e4uistinluvat)<\/li>\n\n\n\n<li>Puh: 040 523 2750<\/li>\n<\/ul>\n<\/li>\n\n\n\n<li><strong>Pentti Ketola<\/strong>\n<ul class=\"wp-block-list\">\n<li>Summakosken vapakalastusluvat<\/li>\n\n\n\n<li>Virkistyskalastus (lis\u00e4uistinluvat)<\/li>\n\n\n\n<li>Puh: 044 254 0035<\/li>\n<\/ul>\n<\/li>\n\n\n\n<li><strong>Lue huolella<\/strong>:\n<ul class=\"wp-block-list\">\n<li><a href=\"https:\/\/saarijarvenreitinkalatalousalue.fi\/kyyra\/rajoitukset-ja-valvonta\/\">Alamitat, rajoitukset ja valvonta<\/a><\/li>\n\n\n\n<li>Luvat-sivun alta l\u00f6ytyv\u00e4t erilliset sivut, ks. valikko sivun vasemmassa reunassa<\/li>\n\n\n\n<li>Tutustu my\u00f6s Kyyr\u00e4n vesialueisiin sivulla <a href=\"https:\/\/saarijarvenreitinkalatalousalue.fi\/kyyra\/tiedot\/kartat\/\">Kartat<\/a><\/li>\n<\/ul>\n<\/li>\n<\/ul>\n\n\n\n<p><\/p>\n","protected":false},"excerpt":{"rendered":"<p>Luvanmyyj\u00e4t <a href=\"https:\/\/www.ostaluvat.fi\/\">www.ostaluvat.fi<\/a> <strong>Otto Rautiainen<\/strong> Pyydysmerkkien myynti Lannejoen vapakalastusluvat (perho- ja virvel\u00f6intiluvat) Summakosken vapakalastusluvat Virkistyskalastus (lis\u00e4uistinluvat) Puh: 040 523 2750 <strong>Pentti Ketola<\/strong> Summakosken vapakalastusluvat Virkistyskalastus (lis\u00e4uistinluvat) Puh: 044 254 0035 <strong>Lue huolella<\/strong>: <a href=\"https:\/\/saarijarvenreitinkalatalousalue.fi\/kyyra\/rajoitukset-ja-valvonta\/\">Alamitat, rajoitukset ja valvonta<\/a> Luvat-sivun alta l\u00f6ytyv\u00e4t erilliset sivut, ks. valikko sivun<\/p>\n<p><a class=\"moretag\" href=\"https:\/\/saarijarvenreitinkalatalousalue.fi\/kyyra\/luvat\/luvanmyyjat\/\"> Lue lis\u00e4\u00e4 ><\/a><\/p>\n","protected":false},"author":1,"featured_media":0,"parent":45,"menu_order":0,"comment_status":"closed","ping_status":"closed","template":"basic-sivu.php","meta":{"_acf_changed":false,"footnotes":""},"class_list":["post-90","page","type-page","status-publish","hentry"],"acf":[],"yoast_head":"<!-- This site is optimized with the Yoast SEO plugin v27.1.1 - https:\/\/yoast.com\/product\/yoast-seo-wordpress\/ -->\n<title>Luvanmyyj\u00e4t - Kyyr\u00e4n osakaskunta<\/title>\n<meta name=\"description\" content=\"Kyyr\u00e4n kalastuskunnan vesialueiden luvanmyyj\u00e4t, heid\u00e4n yhteystietonsa sek\u00e4 tiedot siit\u00e4, mit\u00e4 lupia he myyv\u00e4t.\" \/>\n<meta name=\"robots\" content=\"index, follow, max-snippet:-1, max-image-preview:large, max-video-preview:-1\" \/>\n<link rel=\"canonical\" href=\"https:\/\/saarijarvenreitinkalatalousalue.fi\/kyyra\/luvat\/luvanmyyjat\/\" \/>\n<meta property=\"og:locale\" content=\"fi_FI\" \/>\n<meta property=\"og:type\" content=\"article\" \/>\n<meta property=\"og:title\" content=\"Luvanmyyj\u00e4t - Kyyr\u00e4n osakaskunta\" \/>\n<meta property=\"og:description\" content=\"Kyyr\u00e4n kalastuskunnan vesialueiden luvanmyyj\u00e4t, heid\u00e4n yhteystietonsa sek\u00e4 tiedot siit\u00e4, mit\u00e4 lupia he myyv\u00e4t.\" \/>\n<meta property=\"og:url\" content=\"https:\/\/saarijarvenreitinkalatalousalue.fi\/kyyra\/luvat\/luvanmyyjat\/\" \/>\n<meta property=\"og:site_name\" content=\"Kyyr\u00e4n osakaskunta\" \/>\n<meta property=\"article:modified_time\" content=\"2023-04-25T17:13:56+00:00\" \/>\n<meta name=\"twitter:card\" content=\"summary_large_image\" \/>\n<meta name=\"twitter:label1\" content=\"Arvioitu lukuaika\" \/>\n\t<meta name=\"twitter:data1\" content=\"1 minuutti\" \/>\n<script type=\"application\/ld+json\" class=\"yoast-schema-graph\">{\"@context\":\"https:\/\/schema.org\",\"@graph\":[{\"@type\":\"WebPage\",\"@id\":\"https:\/\/saarijarvenreitinkalatalousalue.fi\/kyyra\/luvat\/luvanmyyjat\/\",\"url\":\"https:\/\/saarijarvenreitinkalatalousalue.fi\/kyyra\/luvat\/luvanmyyjat\/\",\"name\":\"Luvanmyyj\u00e4t - Kyyr\u00e4n osakaskunta\",\"isPartOf\":{\"@id\":\"https:\/\/saarijarvenreitinkalatalousalue.fi\/kyyra\/#website\"},\"datePublished\":\"2020-10-29T11:42:18+00:00\",\"dateModified\":\"2023-04-25T17:13:56+00:00\",\"description\":\"Kyyr\u00e4n kalastuskunnan vesialueiden luvanmyyj\u00e4t, heid\u00e4n yhteystietonsa sek\u00e4 tiedot siit\u00e4, mit\u00e4 lupia he myyv\u00e4t.\",\"breadcrumb\":{\"@id\":\"https:\/\/saarijarvenreitinkalatalousalue.fi\/kyyra\/luvat\/luvanmyyjat\/#breadcrumb\"},\"inLanguage\":\"fi\",\"potentialAction\":[{\"@type\":\"ReadAction\",\"target\":[\"https:\/\/saarijarvenreitinkalatalousalue.fi\/kyyra\/luvat\/luvanmyyjat\/\"]}]},{\"@type\":\"BreadcrumbList\",\"@id\":\"https:\/\/saarijarvenreitinkalatalousalue.fi\/kyyra\/luvat\/luvanmyyjat\/#breadcrumb\",\"itemListElement\":[{\"@type\":\"ListItem\",\"position\":1,\"name\":\"Home\",\"item\":\"https:\/\/saarijarvenreitinkalatalousalue.fi\/kyyra\/\"},{\"@type\":\"ListItem\",\"position\":2,\"name\":\"Luvat\",\"item\":\"https:\/\/saarijarvenreitinkalatalousalue.fi\/kyyra\/luvat\/\"},{\"@type\":\"ListItem\",\"position\":3,\"name\":\"Luvanmyyj\u00e4t\"}]},{\"@type\":\"WebSite\",\"@id\":\"https:\/\/saarijarvenreitinkalatalousalue.fi\/kyyra\/#website\",\"url\":\"https:\/\/saarijarvenreitinkalatalousalue.fi\/kyyra\/\",\"name\":\"Kyyr\u00e4n osakaskunta\",\"description\":\"\",\"potentialAction\":[{\"@type\":\"SearchAction\",\"target\":{\"@type\":\"EntryPoint\",\"urlTemplate\":\"https:\/\/saarijarvenreitinkalatalousalue.fi\/kyyra\/?s={search_term_string}\"},\"query-input\":{\"@type\":\"PropertyValueSpecification\",\"valueRequired\":true,\"valueName\":\"search_term_string\"}}],\"inLanguage\":\"fi\"}]}<\/script>\n<!-- \/ Yoast SEO plugin. -->","yoast_head_json":{"title":"Luvanmyyj\u00e4t - Kyyr\u00e4n osakaskunta","description":"Kyyr\u00e4n kalastuskunnan vesialueiden luvanmyyj\u00e4t, heid\u00e4n yhteystietonsa sek\u00e4 tiedot siit\u00e4, mit\u00e4 lupia he myyv\u00e4t.","robots":{"index":"index","follow":"follow","max-snippet":"max-snippet:-1","max-image-preview":"max-image-preview:large","max-video-preview":"max-video-preview:-1"},"canonical":"https:\/\/saarijarvenreitinkalatalousalue.fi\/kyyra\/luvat\/luvanmyyjat\/","og_locale":"fi_FI","og_type":"article","og_title":"Luvanmyyj\u00e4t - Kyyr\u00e4n osakaskunta","og_description":"Kyyr\u00e4n kalastuskunnan vesialueiden luvanmyyj\u00e4t, heid\u00e4n yhteystietonsa sek\u00e4 tiedot siit\u00e4, mit\u00e4 lupia he myyv\u00e4t.","og_url":"https:\/\/saarijarvenreitinkalatalousalue.fi\/kyyra\/luvat\/luvanmyyjat\/","og_site_name":"Kyyr\u00e4n osakaskunta","article_modified_time":"2023-04-25T17:13:56+00:00","twitter_card":"summary_large_image","twitter_misc":{"Arvioitu lukuaika":"1 minuutti"},"schema":{"@context":"https:\/\/schema.org","@graph":[{"@type":"WebPage","@id":"https:\/\/saarijarvenreitinkalatalousalue.fi\/kyyra\/luvat\/luvanmyyjat\/","url":"https:\/\/saarijarvenreitinkalatalousalue.fi\/kyyra\/luvat\/luvanmyyjat\/","name":"Luvanmyyj\u00e4t - Kyyr\u00e4n osakaskunta","isPartOf":{"@id":"https:\/\/saarijarvenreitinkalatalousalue.fi\/kyyra\/#website"},"datePublished":"2020-10-29T11:42:18+00:00","dateModified":"2023-04-25T17:13:56+00:00","description":"Kyyr\u00e4n kalastuskunnan vesialueiden luvanmyyj\u00e4t, heid\u00e4n yhteystietonsa sek\u00e4 tiedot siit\u00e4, mit\u00e4 lupia he myyv\u00e4t.","breadcrumb":{"@id":"https:\/\/saarijarvenreitinkalatalousalue.fi\/kyyra\/luvat\/luvanmyyjat\/#breadcrumb"},"inLanguage":"fi","potentialAction":[{"@type":"ReadAction","target":["https:\/\/saarijarvenreitinkalatalousalue.fi\/kyyra\/luvat\/luvanmyyjat\/"]}]},{"@type":"BreadcrumbList","@id":"https:\/\/saarijarvenreitinkalatalousalue.fi\/kyyra\/luvat\/luvanmyyjat\/#breadcrumb","itemListElement":[{"@type":"ListItem","position":1,"name":"Home","item":"https:\/\/saarijarvenreitinkalatalousalue.fi\/kyyra\/"},{"@type":"ListItem","position":2,"name":"Luvat","item":"https:\/\/saarijarvenreitinkalatalousalue.fi\/kyyra\/luvat\/"},{"@type":"ListItem","position":3,"name":"Luvanmyyj\u00e4t"}]},{"@type":"WebSite","@id":"https:\/\/saarijarvenreitinkalatalousalue.fi\/kyyra\/#website","url":"https:\/\/saarijarvenreitinkalatalousalue.fi\/kyyra\/","name":"Kyyr\u00e4n osakaskunta","description":"","potentialAction":[{"@type":"SearchAction","target":{"@type":"EntryPoint","urlTemplate":"https:\/\/saarijarvenreitinkalatalousalue.fi\/kyyra\/?s={search_term_string}"},"query-input":{"@type":"PropertyValueSpecification","valueRequired":true,"valueName":"search_term_string"}}],"inLanguage":"fi"}]}},"_links":{"self":[{"href":"https:\/\/saarijarvenreitinkalatalousalue.fi\/kyyra\/wp-json\/wp\/v2\/pages\/90","targetHints":{"allow":["GET"]}}],"collection":[{"href":"https:\/\/saarijarvenreitinkalatalousalue.fi\/kyyra\/wp-json\/wp\/v2\/pages"}],"about":[{"href":"https:\/\/saarijarvenreitinkalatalousalue.fi\/kyyra\/wp-json\/wp\/v2\/types\/page"}],"author":[{"embeddable":true,"href":"https:\/\/saarijarvenreitinkalatalousalue.fi\/kyyra\/wp-json\/wp\/v2\/users\/1"}],"replies":[{"embeddable":true,"href":"https:\/\/saarijarvenreitinkalatalousalue.fi\/kyyra\/wp-json\/wp\/v2\/comments?post=90"}],"version-history":[{"count":13,"href":"https:\/\/saarijarvenreitinkalatalousalue.fi\/kyyra\/wp-json\/wp\/v2\/pages\/90\/revisions"}],"predecessor-version":[{"id":414,"href":"https:\/\/saarijarvenreitinkalatalousalue.fi\/kyyra\/wp-json\/wp\/v2\/pages\/90\/revisions\/414"}],"up":[{"embeddable":true,"href":"https:\/\/saarijarvenreitinkalatalousalue.fi\/kyyra\/wp-json\/wp\/v2\/pages\/45"}],"wp:attachment":[{"href":"https:\/\/saarijarvenreitinkalatalousalue.fi\/kyyra\/wp-json\/wp\/v2\/media?parent=90"}],"curies":[{"name":"wp","href":"https:\/\/api.w.org\/{rel}","templated":true}]}}