{"id":90,"date":"2020-10-29T11:42:18","date_gmt":"2020-10-29T11:42:18","guid":{"rendered":"http:\/\/89.166.51.80\/~saarijarven\/hameenmaen-osakaskunta\/?page_id=90"},"modified":"2026-04-29T06:50:27","modified_gmt":"2026-04-29T06:50:27","slug":"luvanmyyjat-ja-lupakartta","status":"publish","type":"page","link":"https:\/\/saarijarvenreitinkalatalousalue.fi\/mulikka\/luvat\/luvanmyyjat-ja-lupakartta\/","title":{"rendered":"Luvanmyyj\u00e4t ja lupakartta"},"content":{"rendered":"\n<h2 class=\"wp-block-heading\">Luvanmyyj\u00e4t<\/h2>\n\n\n\n<p>Mirja Oikari p.0405653716<\/p>\n\n\n\n<p> Karajoentie 294 43480 P\u00e4\u00e4j\u00e4rvi<\/p>\n\n\n\n<p>Verkko, katiska, rapu merkit ja vesilintu, uistelu luvat<\/p>\n\n\n\n<p>Koskiluvat: <\/p>\n\n\n\n<p>Karajoki , Kouheronkoski ja(Heijostenkosket)<\/p>\n\n\n\n<p>Muut luvanmyyj\u00e4t:<\/p>\n\n\n\n<p><\/p>\n\n\n\n<p>Rautanet Karstula,Pihala Oy <\/p>\n\n\n\n<p>Hanskintie 2 43500 Karstula<\/p>\n\n\n\n<p>verkko, katiska, rapu merkit  ja uistelu, vesilintu luvat<\/p>\n\n\n\n<p>M -Market Pylk\u00f6nm\u00e4ki<\/p>\n\n\n\n<p> Keskustie 26 43440 Pylk\u00f6nm\u00e4ki<\/p>\n\n\n\n<p>verkko ,katiska,rapu merkit ja  uistelu,vesilintu luvat<\/p>\n\n\n\n<h2 class=\"wp-block-heading\"> Kartat kalastusalueista<\/h2>\n\n\n\n<figure class=\"wp-block-image size-large\"><img loading=\"lazy\" decoding=\"async\" width=\"1024\" height=\"724\" src=\"https:\/\/saarijarvenreitinkalatalousalue.fi\/mulikka\/wp-content\/uploads\/sites\/47\/2025\/05\/mulikan-ok-1-scaled-e1746866894636-1024x724.png\" alt=\"\" class=\"wp-image-244\" srcset=\"https:\/\/saarijarvenreitinkalatalousalue.fi\/mulikka\/wp-content\/uploads\/sites\/47\/2025\/05\/mulikan-ok-1-scaled-e1746866894636-1024x724.png 1024w, https:\/\/saarijarvenreitinkalatalousalue.fi\/mulikka\/wp-content\/uploads\/sites\/47\/2025\/05\/mulikan-ok-1-scaled-e1746866894636-300x212.png 300w, https:\/\/saarijarvenreitinkalatalousalue.fi\/mulikka\/wp-content\/uploads\/sites\/47\/2025\/05\/mulikan-ok-1-scaled-e1746866894636-768x543.png 768w, https:\/\/saarijarvenreitinkalatalousalue.fi\/mulikka\/wp-content\/uploads\/sites\/47\/2025\/05\/mulikan-ok-1-scaled-e1746866894636-1536x1086.png 1536w, https:\/\/saarijarvenreitinkalatalousalue.fi\/mulikka\/wp-content\/uploads\/sites\/47\/2025\/05\/mulikan-ok-1-scaled-e1746866894636-2048x1448.png 2048w\" sizes=\"auto, (max-width: 1024px) 100vw, 1024px\" \/><\/figure>\n\n\n\n<figure class=\"wp-block-image\"><img loading=\"lazy\" decoding=\"async\" width=\"1810\" height=\"2560\" src=\"https:\/\/saarijarvenreitinkalatalousalue.fi\/mulikka\/wp-content\/uploads\/sites\/47\/2025\/05\/uusimulikan-ok-1-scaled.png\" alt=\"\" class=\"wp-image-261\" srcset=\"https:\/\/saarijarvenreitinkalatalousalue.fi\/mulikka\/wp-content\/uploads\/sites\/47\/2025\/05\/uusimulikan-ok-1-scaled.png 1810w, https:\/\/saarijarvenreitinkalatalousalue.fi\/mulikka\/wp-content\/uploads\/sites\/47\/2025\/05\/uusimulikan-ok-1-212x300.png 212w, https:\/\/saarijarvenreitinkalatalousalue.fi\/mulikka\/wp-content\/uploads\/sites\/47\/2025\/05\/uusimulikan-ok-1-724x1024.png 724w, https:\/\/saarijarvenreitinkalatalousalue.fi\/mulikka\/wp-content\/uploads\/sites\/47\/2025\/05\/uusimulikan-ok-1-768x1086.png 768w, https:\/\/saarijarvenreitinkalatalousalue.fi\/mulikka\/wp-content\/uploads\/sites\/47\/2025\/05\/uusimulikan-ok-1-1086x1536.png 1086w, https:\/\/saarijarvenreitinkalatalousalue.fi\/mulikka\/wp-content\/uploads\/sites\/47\/2025\/05\/uusimulikan-ok-1-1448x2048.png 1448w\" sizes=\"auto, (max-width: 1810px) 100vw, 1810px\" \/><\/figure>\n","protected":false},"excerpt":{"rendered":"<p>Luvanmyyj\u00e4t Mirja Oikari p.0405653716 Karajoentie 294 43480 P\u00e4\u00e4j\u00e4rvi Verkko, katiska, rapu merkit ja vesilintu, uistelu luvat Koskiluvat: Karajoki , Kouheronkoski ja(Heijostenkosket) Muut luvanmyyj\u00e4t: Rautanet Karstula,Pihala Oy Hanskintie 2 43500 Karstula verkko, katiska, rapu merkit ja uistelu, vesilintu luvat M -Market Pylk\u00f6nm\u00e4ki Keskustie 26 43440 Pylk\u00f6nm\u00e4ki<\/p>\n<p><a class=\"moretag\" href=\"https:\/\/saarijarvenreitinkalatalousalue.fi\/mulikka\/luvat\/luvanmyyjat-ja-lupakartta\/\"> Lue lis\u00e4\u00e4 ><\/a><\/p>\n","protected":false},"author":1,"featured_media":0,"parent":45,"menu_order":0,"comment_status":"closed","ping_status":"closed","template":"basic-sivu.php","meta":{"_acf_changed":false,"footnotes":""},"class_list":["post-90","page","type-page","status-publish","hentry"],"acf":[],"yoast_head":"<!-- This site is optimized with the Yoast SEO plugin v27.1.1 - https:\/\/yoast.com\/product\/yoast-seo-wordpress\/ -->\n<title>Luvanmyyj\u00e4t ja lupakartta - Mulikan osakaskunta<\/title>\n<meta name=\"robots\" content=\"index, follow, max-snippet:-1, max-image-preview:large, max-video-preview:-1\" \/>\n<link rel=\"canonical\" href=\"https:\/\/saarijarvenreitinkalatalousalue.fi\/mulikka\/luvat\/luvanmyyjat-ja-lupakartta\/\" \/>\n<meta property=\"og:locale\" content=\"fi_FI\" \/>\n<meta property=\"og:type\" content=\"article\" \/>\n<meta property=\"og:title\" content=\"Luvanmyyj\u00e4t ja lupakartta - Mulikan osakaskunta\" \/>\n<meta property=\"og:description\" content=\"Luvanmyyj\u00e4t Mirja Oikari p.0405653716 Karajoentie 294 43480 P\u00e4\u00e4j\u00e4rvi Verkko, katiska, rapu merkit ja vesilintu, uistelu luvat Koskiluvat: Karajoki , Kouheronkoski ja(Heijostenkosket) Muut luvanmyyj\u00e4t: Rautanet Karstula,Pihala Oy Hanskintie 2 43500 Karstula verkko, katiska, rapu merkit ja uistelu, vesilintu luvat M -Market Pylk\u00f6nm\u00e4ki Keskustie 26 43440 Pylk\u00f6nm\u00e4ki Lue lis\u00e4\u00e4 &gt;\" \/>\n<meta property=\"og:url\" content=\"https:\/\/saarijarvenreitinkalatalousalue.fi\/mulikka\/luvat\/luvanmyyjat-ja-lupakartta\/\" \/>\n<meta property=\"og:site_name\" content=\"Mulikan osakaskunta\" \/>\n<meta property=\"article:modified_time\" content=\"2026-04-29T06:50:27+00:00\" \/>\n<meta property=\"og:image\" content=\"https:\/\/saarijarvenreitinkalatalousalue.fi\/mulikka\/wp-content\/uploads\/sites\/47\/2025\/05\/mulikan-ok-1-scaled-e1746866894636.png\" \/>\n\t<meta property=\"og:image:width\" content=\"2560\" \/>\n\t<meta property=\"og:image:height\" content=\"1810\" \/>\n\t<meta property=\"og:image:type\" content=\"image\/png\" \/>\n<meta name=\"twitter:card\" content=\"summary_large_image\" \/>\n<meta name=\"twitter:label1\" content=\"Arvioitu lukuaika\" \/>\n\t<meta name=\"twitter:data1\" content=\"1 minuutti\" \/>\n<script type=\"application\/ld+json\" class=\"yoast-schema-graph\">{\"@context\":\"https:\/\/schema.org\",\"@graph\":[{\"@type\":\"WebPage\",\"@id\":\"https:\/\/saarijarvenreitinkalatalousalue.fi\/mulikka\/luvat\/luvanmyyjat-ja-lupakartta\/\",\"url\":\"https:\/\/saarijarvenreitinkalatalousalue.fi\/mulikka\/luvat\/luvanmyyjat-ja-lupakartta\/\",\"name\":\"Luvanmyyj\u00e4t ja lupakartta - Mulikan osakaskunta\",\"isPartOf\":{\"@id\":\"https:\/\/saarijarvenreitinkalatalousalue.fi\/mulikka\/#website\"},\"primaryImageOfPage\":{\"@id\":\"https:\/\/saarijarvenreitinkalatalousalue.fi\/mulikka\/luvat\/luvanmyyjat-ja-lupakartta\/#primaryimage\"},\"image\":{\"@id\":\"https:\/\/saarijarvenreitinkalatalousalue.fi\/mulikka\/luvat\/luvanmyyjat-ja-lupakartta\/#primaryimage\"},\"thumbnailUrl\":\"https:\/\/saarijarvenreitinkalatalousalue.fi\/mulikka\/wp-content\/uploads\/sites\/47\/2025\/05\/mulikan-ok-1-scaled-e1746866894636-1024x724.png\",\"datePublished\":\"2020-10-29T11:42:18+00:00\",\"dateModified\":\"2026-04-29T06:50:27+00:00\",\"breadcrumb\":{\"@id\":\"https:\/\/saarijarvenreitinkalatalousalue.fi\/mulikka\/luvat\/luvanmyyjat-ja-lupakartta\/#breadcrumb\"},\"inLanguage\":\"fi\",\"potentialAction\":[{\"@type\":\"ReadAction\",\"target\":[\"https:\/\/saarijarvenreitinkalatalousalue.fi\/mulikka\/luvat\/luvanmyyjat-ja-lupakartta\/\"]}]},{\"@type\":\"ImageObject\",\"inLanguage\":\"fi\",\"@id\":\"https:\/\/saarijarvenreitinkalatalousalue.fi\/mulikka\/luvat\/luvanmyyjat-ja-lupakartta\/#primaryimage\",\"url\":\"https:\/\/saarijarvenreitinkalatalousalue.fi\/mulikka\/wp-content\/uploads\/sites\/47\/2025\/05\/mulikan-ok-1-scaled-e1746866894636.png\",\"contentUrl\":\"https:\/\/saarijarvenreitinkalatalousalue.fi\/mulikka\/wp-content\/uploads\/sites\/47\/2025\/05\/mulikan-ok-1-scaled-e1746866894636.png\",\"width\":2560,\"height\":1810},{\"@type\":\"BreadcrumbList\",\"@id\":\"https:\/\/saarijarvenreitinkalatalousalue.fi\/mulikka\/luvat\/luvanmyyjat-ja-lupakartta\/#breadcrumb\",\"itemListElement\":[{\"@type\":\"ListItem\",\"position\":1,\"name\":\"Home\",\"item\":\"https:\/\/saarijarvenreitinkalatalousalue.fi\/mulikka\/\"},{\"@type\":\"ListItem\",\"position\":2,\"name\":\"Yksityinen: Luvat\",\"item\":\"https:\/\/saarijarvenreitinkalatalousalue.fi\/mulikka\/?page_id=45\"},{\"@type\":\"ListItem\",\"position\":3,\"name\":\"Luvanmyyj\u00e4t ja lupakartta\"}]},{\"@type\":\"WebSite\",\"@id\":\"https:\/\/saarijarvenreitinkalatalousalue.fi\/mulikka\/#website\",\"url\":\"https:\/\/saarijarvenreitinkalatalousalue.fi\/mulikka\/\",\"name\":\"Mulikan osakaskunta\",\"description\":\"\",\"potentialAction\":[{\"@type\":\"SearchAction\",\"target\":{\"@type\":\"EntryPoint\",\"urlTemplate\":\"https:\/\/saarijarvenreitinkalatalousalue.fi\/mulikka\/?s={search_term_string}\"},\"query-input\":{\"@type\":\"PropertyValueSpecification\",\"valueRequired\":true,\"valueName\":\"search_term_string\"}}],\"inLanguage\":\"fi\"}]}<\/script>\n<!-- \/ Yoast SEO plugin. -->","yoast_head_json":{"title":"Luvanmyyj\u00e4t ja lupakartta - Mulikan osakaskunta","robots":{"index":"index","follow":"follow","max-snippet":"max-snippet:-1","max-image-preview":"max-image-preview:large","max-video-preview":"max-video-preview:-1"},"canonical":"https:\/\/saarijarvenreitinkalatalousalue.fi\/mulikka\/luvat\/luvanmyyjat-ja-lupakartta\/","og_locale":"fi_FI","og_type":"article","og_title":"Luvanmyyj\u00e4t ja lupakartta - Mulikan osakaskunta","og_description":"Luvanmyyj\u00e4t Mirja Oikari p.0405653716 Karajoentie 294 43480 P\u00e4\u00e4j\u00e4rvi Verkko, katiska, rapu merkit ja vesilintu, uistelu luvat Koskiluvat: Karajoki , Kouheronkoski ja(Heijostenkosket) Muut luvanmyyj\u00e4t: Rautanet Karstula,Pihala Oy Hanskintie 2 43500 Karstula verkko, katiska, rapu merkit ja uistelu, vesilintu luvat M -Market Pylk\u00f6nm\u00e4ki Keskustie 26 43440 Pylk\u00f6nm\u00e4ki Lue lis\u00e4\u00e4 >","og_url":"https:\/\/saarijarvenreitinkalatalousalue.fi\/mulikka\/luvat\/luvanmyyjat-ja-lupakartta\/","og_site_name":"Mulikan osakaskunta","article_modified_time":"2026-04-29T06:50:27+00:00","og_image":[{"width":2560,"height":1810,"url":"https:\/\/saarijarvenreitinkalatalousalue.fi\/mulikka\/wp-content\/uploads\/sites\/47\/2025\/05\/mulikan-ok-1-scaled-e1746866894636.png","type":"image\/png"}],"twitter_card":"summary_large_image","twitter_misc":{"Arvioitu lukuaika":"1 minuutti"},"schema":{"@context":"https:\/\/schema.org","@graph":[{"@type":"WebPage","@id":"https:\/\/saarijarvenreitinkalatalousalue.fi\/mulikka\/luvat\/luvanmyyjat-ja-lupakartta\/","url":"https:\/\/saarijarvenreitinkalatalousalue.fi\/mulikka\/luvat\/luvanmyyjat-ja-lupakartta\/","name":"Luvanmyyj\u00e4t ja lupakartta - Mulikan osakaskunta","isPartOf":{"@id":"https:\/\/saarijarvenreitinkalatalousalue.fi\/mulikka\/#website"},"primaryImageOfPage":{"@id":"https:\/\/saarijarvenreitinkalatalousalue.fi\/mulikka\/luvat\/luvanmyyjat-ja-lupakartta\/#primaryimage"},"image":{"@id":"https:\/\/saarijarvenreitinkalatalousalue.fi\/mulikka\/luvat\/luvanmyyjat-ja-lupakartta\/#primaryimage"},"thumbnailUrl":"https:\/\/saarijarvenreitinkalatalousalue.fi\/mulikka\/wp-content\/uploads\/sites\/47\/2025\/05\/mulikan-ok-1-scaled-e1746866894636-1024x724.png","datePublished":"2020-10-29T11:42:18+00:00","dateModified":"2026-04-29T06:50:27+00:00","breadcrumb":{"@id":"https:\/\/saarijarvenreitinkalatalousalue.fi\/mulikka\/luvat\/luvanmyyjat-ja-lupakartta\/#breadcrumb"},"inLanguage":"fi","potentialAction":[{"@type":"ReadAction","target":["https:\/\/saarijarvenreitinkalatalousalue.fi\/mulikka\/luvat\/luvanmyyjat-ja-lupakartta\/"]}]},{"@type":"ImageObject","inLanguage":"fi","@id":"https:\/\/saarijarvenreitinkalatalousalue.fi\/mulikka\/luvat\/luvanmyyjat-ja-lupakartta\/#primaryimage","url":"https:\/\/saarijarvenreitinkalatalousalue.fi\/mulikka\/wp-content\/uploads\/sites\/47\/2025\/05\/mulikan-ok-1-scaled-e1746866894636.png","contentUrl":"https:\/\/saarijarvenreitinkalatalousalue.fi\/mulikka\/wp-content\/uploads\/sites\/47\/2025\/05\/mulikan-ok-1-scaled-e1746866894636.png","width":2560,"height":1810},{"@type":"BreadcrumbList","@id":"https:\/\/saarijarvenreitinkalatalousalue.fi\/mulikka\/luvat\/luvanmyyjat-ja-lupakartta\/#breadcrumb","itemListElement":[{"@type":"ListItem","position":1,"name":"Home","item":"https:\/\/saarijarvenreitinkalatalousalue.fi\/mulikka\/"},{"@type":"ListItem","position":2,"name":"Yksityinen: Luvat","item":"https:\/\/saarijarvenreitinkalatalousalue.fi\/mulikka\/?page_id=45"},{"@type":"ListItem","position":3,"name":"Luvanmyyj\u00e4t ja lupakartta"}]},{"@type":"WebSite","@id":"https:\/\/saarijarvenreitinkalatalousalue.fi\/mulikka\/#website","url":"https:\/\/saarijarvenreitinkalatalousalue.fi\/mulikka\/","name":"Mulikan osakaskunta","description":"","potentialAction":[{"@type":"SearchAction","target":{"@type":"EntryPoint","urlTemplate":"https:\/\/saarijarvenreitinkalatalousalue.fi\/mulikka\/?s={search_term_string}"},"query-input":{"@type":"PropertyValueSpecification","valueRequired":true,"valueName":"search_term_string"}}],"inLanguage":"fi"}]}},"_links":{"self":[{"href":"https:\/\/saarijarvenreitinkalatalousalue.fi\/mulikka\/wp-json\/wp\/v2\/pages\/90","targetHints":{"allow":["GET"]}}],"collection":[{"href":"https:\/\/saarijarvenreitinkalatalousalue.fi\/mulikka\/wp-json\/wp\/v2\/pages"}],"about":[{"href":"https:\/\/saarijarvenreitinkalatalousalue.fi\/mulikka\/wp-json\/wp\/v2\/types\/page"}],"author":[{"embeddable":true,"href":"https:\/\/saarijarvenreitinkalatalousalue.fi\/mulikka\/wp-json\/wp\/v2\/users\/1"}],"replies":[{"embeddable":true,"href":"https:\/\/saarijarvenreitinkalatalousalue.fi\/mulikka\/wp-json\/wp\/v2\/comments?post=90"}],"version-history":[{"count":19,"href":"https:\/\/saarijarvenreitinkalatalousalue.fi\/mulikka\/wp-json\/wp\/v2\/pages\/90\/revisions"}],"predecessor-version":[{"id":284,"href":"https:\/\/saarijarvenreitinkalatalousalue.fi\/mulikka\/wp-json\/wp\/v2\/pages\/90\/revisions\/284"}],"up":[{"embeddable":true,"href":"https:\/\/saarijarvenreitinkalatalousalue.fi\/mulikka\/wp-json\/wp\/v2\/pages\/45"}],"wp:attachment":[{"href":"https:\/\/saarijarvenreitinkalatalousalue.fi\/mulikka\/wp-json\/wp\/v2\/media?parent=90"}],"curies":[{"name":"wp","href":"https:\/\/api.w.org\/{rel}","templated":true}]}}