{"id":2,"date":"2020-10-22T07:32:51","date_gmt":"2020-10-22T07:32:51","guid":{"rendered":"http:\/\/89.166.51.80\/~saarijarven\/hameenmaen-osakaskunta\/?page_id=2"},"modified":"2024-02-28T12:26:06","modified_gmt":"2024-02-28T12:26:06","slug":"etusivu","status":"publish","type":"page","link":"https:\/\/saarijarvenreitinkalatalousalue.fi\/paajala\/","title":{"rendered":"Etusivu"},"content":{"rendered":"\n<p><\/p>\n\n\n\n<p>Aluehallintovirasto on vahvistanut <a href=\"https:\/\/saarijarvenreitinkalatalousalue.fi\/paajala\/wp-content\/uploads\/sites\/60\/2023\/12\/Paajalan-osakaskunta-LSSAVI-21911-2023.pdf\">11.12.2023 saapuneella p\u00e4\u00e4t\u00f6ksell\u00e4<\/a> Paajalan osakaskunnan uudet s\u00e4\u00e4nn\u00f6t.<\/p>\n\n\n\n<h2 class=\"wp-block-heading\">Tervetuloa Paajalan&nbsp;osakaskuntaan<\/h2>\n\n\n\n<p>Kukko-Paajalan osakaskunnan vedet sijaitsevat Keski-Suomessa Saarij\u00e4rvell\u00e4, p\u00e4\u00e4osin entisen Pylk\u00f6nm\u00e4en kunnan alueella jakoostuvat Paajalan osakaskunnan omista sek\u00e4 Kukon kalastuskunnan sopimukseen perustuvista vesialueista. Lis\u00e4ksi Paajalan osakaskunta on vuokrannut Mets\u00e4hallitukselta vesialueita Sammalisesta ja Luotoj\u00e4rvest\u00e4. Suurin osa vesist\u00e4 kuuluu Saarij\u00e4rven reittiin ja pieni osa Kokem\u00e4enjoen vesist\u00f6alueeseen. Osakaskunnalla on vesialueita yli 1700 ha. T\u00e4m\u00e4 pit\u00e4\u00e4 sis\u00e4ll\u00e4\u00e4n noin 100 kpl j\u00e4rvi\u00e4, lampia ja jokia.<\/p>\n\n\n\n<p>Osakaskunnan seisovista vesist\u00e4 merkitt\u00e4vin on alueen suurin ja kalastuksellinen keskusj\u00e4rvi, Karankaj\u00e4rvi. Muita suurehkoja j\u00e4rvi\u00e4 ovat Kiesimenj\u00e4rvi, Kiminginj\u00e4rvi, Vihanninj\u00e4rvi &amp; Latvanen.<\/p>\n\n\n\n<p>Virallisia veneenlaskupaikkoja l\u00f6ytyy Karankaj\u00e4rven etel\u00e4p\u00e4\u00e4st\u00e4 ja toinen laskupaikka Siltasalmesta (Sammalisen ja Luotoj\u00e4rven v\u00e4list\u00e4). Kirkasvetiselt\u00e4 Tohtaanj\u00e4rvelt\u00e4 l\u00f6ytyy yleisess\u00e4 k\u00e4yt\u00f6ss\u00e4 oleva tulentekopaikka.&nbsp;<\/p>\n\n\n\n<p>Alue on vedenjakajaseutua, joten osakaskunnan hallinnoimat virtavedet ovat pieni\u00e4 latvapuroja tai -jokia. Merkitt\u00e4vimm\u00e4t virtavedet ovat Moksinjoki ja Sel\u00e4np\u00e4\u00e4njoki. Moksinjoessa el\u00e4\u00e4 luontainen taimenkanta ja se on todettu vuoden 2012 s\u00e4hk\u00f6koekalastuksissa ker\u00e4ttyjen dna-n\u00e4ytteiden perusteella geneettisesti alkuper\u00e4iseksi. Taimenkanta on kuitenkin h\u00e4vi\u00e4misen partaalla, joten Moksinjoki on ollut vuoden 2012 j\u00e4lkeen rauhoitettuna kaikelta kalastukselta.&nbsp;<\/p>\n","protected":false},"excerpt":{"rendered":"<p>Aluehallintovirasto on vahvistanut <a href=\"https:\/\/saarijarvenreitinkalatalousalue.fi\/paajala\/wp-content\/uploads\/sites\/60\/2023\/12\/Paajalan-osakaskunta-LSSAVI-21911-2023.pdf\">11.12.2023 saapuneella p\u00e4\u00e4t\u00f6ksell\u00e4<\/a> Paajalan osakaskunnan uudet s\u00e4\u00e4nn\u00f6t. Tervetuloa Paajalan&nbsp;osakaskuntaan Kukko-Paajalan osakaskunnan vedet sijaitsevat Keski-Suomessa Saarij\u00e4rvell\u00e4, p\u00e4\u00e4osin entisen Pylk\u00f6nm\u00e4en kunnan alueella jakoostuvat Paajalan osakaskunnan omista sek\u00e4 Kukon kalastuskunnan sopimukseen perustuvista vesialueista. Lis\u00e4ksi Paajalan osakaskunta on vuokrannut Mets\u00e4hallitukselta vesialueita Sammalisesta ja Luotoj\u00e4rvest\u00e4. Suurin<\/p>\n<p><a class=\"moretag\" href=\"https:\/\/saarijarvenreitinkalatalousalue.fi\/paajala\/\"> Lue lis\u00e4\u00e4 ><\/a><\/p>\n","protected":false},"author":1,"featured_media":0,"parent":0,"menu_order":0,"comment_status":"closed","ping_status":"open","template":"","meta":{"_acf_changed":false,"footnotes":""},"class_list":["post-2","page","type-page","status-publish","hentry"],"acf":[],"yoast_head":"<!-- This site is optimized with the Yoast SEO plugin v27.1.1 - https:\/\/yoast.com\/product\/yoast-seo-wordpress\/ -->\n<title>Etusivu - Paajalan osakaskunta<\/title>\n<meta name=\"robots\" content=\"index, follow, max-snippet:-1, max-image-preview:large, max-video-preview:-1\" \/>\n<link rel=\"canonical\" href=\"https:\/\/saarijarvenreitinkalatalousalue.fi\/paajala\/\" \/>\n<meta property=\"og:locale\" content=\"fi_FI\" \/>\n<meta property=\"og:type\" content=\"article\" \/>\n<meta property=\"og:title\" content=\"Etusivu - Paajalan osakaskunta\" \/>\n<meta property=\"og:description\" content=\"Aluehallintovirasto on vahvistanut 11.12.2023 saapuneella p\u00e4\u00e4t\u00f6ksell\u00e4 Paajalan osakaskunnan uudet s\u00e4\u00e4nn\u00f6t. Tervetuloa Paajalan&nbsp;osakaskuntaan Kukko-Paajalan osakaskunnan vedet sijaitsevat Keski-Suomessa Saarij\u00e4rvell\u00e4, p\u00e4\u00e4osin entisen Pylk\u00f6nm\u00e4en kunnan alueella jakoostuvat Paajalan osakaskunnan omista sek\u00e4 Kukon kalastuskunnan sopimukseen perustuvista vesialueista. Lis\u00e4ksi Paajalan osakaskunta on vuokrannut Mets\u00e4hallitukselta vesialueita Sammalisesta ja Luotoj\u00e4rvest\u00e4. Suurin Lue lis\u00e4\u00e4 &gt;\" \/>\n<meta property=\"og:url\" content=\"https:\/\/saarijarvenreitinkalatalousalue.fi\/paajala\/\" \/>\n<meta property=\"og:site_name\" content=\"Paajalan osakaskunta\" \/>\n<meta property=\"article:modified_time\" content=\"2024-02-28T12:26:06+00:00\" \/>\n<meta name=\"twitter:card\" content=\"summary_large_image\" \/>\n<meta name=\"twitter:label1\" content=\"Arvioitu lukuaika\" \/>\n\t<meta name=\"twitter:data1\" content=\"1 minuutti\" \/>\n<script type=\"application\/ld+json\" class=\"yoast-schema-graph\">{\"@context\":\"https:\/\/schema.org\",\"@graph\":[{\"@type\":\"WebPage\",\"@id\":\"https:\/\/saarijarvenreitinkalatalousalue.fi\/paajala\/\",\"url\":\"https:\/\/saarijarvenreitinkalatalousalue.fi\/paajala\/\",\"name\":\"Etusivu - Paajalan osakaskunta\",\"isPartOf\":{\"@id\":\"https:\/\/saarijarvenreitinkalatalousalue.fi\/paajala\/#website\"},\"datePublished\":\"2020-10-22T07:32:51+00:00\",\"dateModified\":\"2024-02-28T12:26:06+00:00\",\"breadcrumb\":{\"@id\":\"https:\/\/saarijarvenreitinkalatalousalue.fi\/paajala\/#breadcrumb\"},\"inLanguage\":\"fi\",\"potentialAction\":[{\"@type\":\"ReadAction\",\"target\":[\"https:\/\/saarijarvenreitinkalatalousalue.fi\/paajala\/\"]}]},{\"@type\":\"BreadcrumbList\",\"@id\":\"https:\/\/saarijarvenreitinkalatalousalue.fi\/paajala\/#breadcrumb\",\"itemListElement\":[{\"@type\":\"ListItem\",\"position\":1,\"name\":\"Home\",\"item\":\"https:\/\/saarijarvenreitinkalatalousalue.fi\/paajala\/\"},{\"@type\":\"ListItem\",\"position\":2,\"name\":\"Etusivu\"}]},{\"@type\":\"WebSite\",\"@id\":\"https:\/\/saarijarvenreitinkalatalousalue.fi\/paajala\/#website\",\"url\":\"https:\/\/saarijarvenreitinkalatalousalue.fi\/paajala\/\",\"name\":\"Paajalan osakaskunta\",\"description\":\"\",\"potentialAction\":[{\"@type\":\"SearchAction\",\"target\":{\"@type\":\"EntryPoint\",\"urlTemplate\":\"https:\/\/saarijarvenreitinkalatalousalue.fi\/paajala\/?s={search_term_string}\"},\"query-input\":{\"@type\":\"PropertyValueSpecification\",\"valueRequired\":true,\"valueName\":\"search_term_string\"}}],\"inLanguage\":\"fi\"}]}<\/script>\n<!-- \/ Yoast SEO plugin. -->","yoast_head_json":{"title":"Etusivu - Paajalan osakaskunta","robots":{"index":"index","follow":"follow","max-snippet":"max-snippet:-1","max-image-preview":"max-image-preview:large","max-video-preview":"max-video-preview:-1"},"canonical":"https:\/\/saarijarvenreitinkalatalousalue.fi\/paajala\/","og_locale":"fi_FI","og_type":"article","og_title":"Etusivu - Paajalan osakaskunta","og_description":"Aluehallintovirasto on vahvistanut 11.12.2023 saapuneella p\u00e4\u00e4t\u00f6ksell\u00e4 Paajalan osakaskunnan uudet s\u00e4\u00e4nn\u00f6t. Tervetuloa Paajalan&nbsp;osakaskuntaan Kukko-Paajalan osakaskunnan vedet sijaitsevat Keski-Suomessa Saarij\u00e4rvell\u00e4, p\u00e4\u00e4osin entisen Pylk\u00f6nm\u00e4en kunnan alueella jakoostuvat Paajalan osakaskunnan omista sek\u00e4 Kukon kalastuskunnan sopimukseen perustuvista vesialueista. Lis\u00e4ksi Paajalan osakaskunta on vuokrannut Mets\u00e4hallitukselta vesialueita Sammalisesta ja Luotoj\u00e4rvest\u00e4. Suurin Lue lis\u00e4\u00e4 >","og_url":"https:\/\/saarijarvenreitinkalatalousalue.fi\/paajala\/","og_site_name":"Paajalan osakaskunta","article_modified_time":"2024-02-28T12:26:06+00:00","twitter_card":"summary_large_image","twitter_misc":{"Arvioitu lukuaika":"1 minuutti"},"schema":{"@context":"https:\/\/schema.org","@graph":[{"@type":"WebPage","@id":"https:\/\/saarijarvenreitinkalatalousalue.fi\/paajala\/","url":"https:\/\/saarijarvenreitinkalatalousalue.fi\/paajala\/","name":"Etusivu - Paajalan osakaskunta","isPartOf":{"@id":"https:\/\/saarijarvenreitinkalatalousalue.fi\/paajala\/#website"},"datePublished":"2020-10-22T07:32:51+00:00","dateModified":"2024-02-28T12:26:06+00:00","breadcrumb":{"@id":"https:\/\/saarijarvenreitinkalatalousalue.fi\/paajala\/#breadcrumb"},"inLanguage":"fi","potentialAction":[{"@type":"ReadAction","target":["https:\/\/saarijarvenreitinkalatalousalue.fi\/paajala\/"]}]},{"@type":"BreadcrumbList","@id":"https:\/\/saarijarvenreitinkalatalousalue.fi\/paajala\/#breadcrumb","itemListElement":[{"@type":"ListItem","position":1,"name":"Home","item":"https:\/\/saarijarvenreitinkalatalousalue.fi\/paajala\/"},{"@type":"ListItem","position":2,"name":"Etusivu"}]},{"@type":"WebSite","@id":"https:\/\/saarijarvenreitinkalatalousalue.fi\/paajala\/#website","url":"https:\/\/saarijarvenreitinkalatalousalue.fi\/paajala\/","name":"Paajalan osakaskunta","description":"","potentialAction":[{"@type":"SearchAction","target":{"@type":"EntryPoint","urlTemplate":"https:\/\/saarijarvenreitinkalatalousalue.fi\/paajala\/?s={search_term_string}"},"query-input":{"@type":"PropertyValueSpecification","valueRequired":true,"valueName":"search_term_string"}}],"inLanguage":"fi"}]}},"_links":{"self":[{"href":"https:\/\/saarijarvenreitinkalatalousalue.fi\/paajala\/wp-json\/wp\/v2\/pages\/2","targetHints":{"allow":["GET"]}}],"collection":[{"href":"https:\/\/saarijarvenreitinkalatalousalue.fi\/paajala\/wp-json\/wp\/v2\/pages"}],"about":[{"href":"https:\/\/saarijarvenreitinkalatalousalue.fi\/paajala\/wp-json\/wp\/v2\/types\/page"}],"author":[{"embeddable":true,"href":"https:\/\/saarijarvenreitinkalatalousalue.fi\/paajala\/wp-json\/wp\/v2\/users\/1"}],"replies":[{"embeddable":true,"href":"https:\/\/saarijarvenreitinkalatalousalue.fi\/paajala\/wp-json\/wp\/v2\/comments?post=2"}],"version-history":[{"count":31,"href":"https:\/\/saarijarvenreitinkalatalousalue.fi\/paajala\/wp-json\/wp\/v2\/pages\/2\/revisions"}],"predecessor-version":[{"id":274,"href":"https:\/\/saarijarvenreitinkalatalousalue.fi\/paajala\/wp-json\/wp\/v2\/pages\/2\/revisions\/274"}],"wp:attachment":[{"href":"https:\/\/saarijarvenreitinkalatalousalue.fi\/paajala\/wp-json\/wp\/v2\/media?parent=2"}],"curies":[{"name":"wp","href":"https:\/\/api.w.org\/{rel}","templated":true}]}}