{"id":26,"date":"2020-10-29T08:31:59","date_gmt":"2020-10-29T08:31:59","guid":{"rendered":"http:\/\/89.166.51.80\/~saarijarven\/hameenmaen-osakaskunta\/?page_id=26"},"modified":"2026-04-29T13:56:14","modified_gmt":"2026-04-29T13:56:14","slug":"tiedot","status":"publish","type":"page","link":"https:\/\/saarijarvenreitinkalatalousalue.fi\/pyhahakki\/tiedot\/","title":{"rendered":"Yhteystiedot"},"content":{"rendered":"\n<h2 class=\"wp-block-heading\">Yhteystiedot<\/h2>\n\n\n\n<p>Hoitokunta:<\/p>\n\n\n\n<p>Ilpo Koskela &nbsp; puheenjohtaja<br>Soukantie 71 &nbsp; <br>43100 Saarij\u00e4rvi &nbsp;&nbsp; <br>044-3338489 &nbsp; <br>ilpokoskela100@gmail.com<\/p>\n\n\n\n<p>Juuso Lamppu &nbsp; varapuheenjohtaja<br>050 4098746<\/p>\n\n\n\n<p>Petteri L\u00e4hteenm\u00e4ki   sihteeri<\/p>\n\n\n\n<p>Ilmari Hein\u00e4l\u00e4<\/p>\n\n\n\n<p>Jarmo Ollikainen<\/p>\n\n\n\n<p>Timo Suomensalo<\/p>\n\n\n\n<p>Erkki Vidman<\/p>\n\n\n\n<div style=\"height:42px\" aria-hidden=\"true\" class=\"wp-block-spacer\"><\/div>\n\n\n\n<p><\/p>\n\n\n\n<p><a href=\"https:\/\/saarijarvenreitinkalatalousalue.fi\/pyhahakki\/wp-content\/uploads\/sites\/49\/2026\/04\/729-407-876-2-kiinteistorekisteriote-1-1.pdf\" target=\"_blank\" rel=\"noreferrer noopener\">Osakaskiinteist\u00f6t 2026<\/a><\/p>\n","protected":false},"excerpt":{"rendered":"<p>Yhteystiedot Hoitokunta: Ilpo Koskela &nbsp; puheenjohtajaSoukantie 71 &nbsp; 43100 Saarij\u00e4rvi &nbsp;&nbsp; 044-3338489 &nbsp; ilpokoskela100@gmail.com Juuso Lamppu &nbsp; varapuheenjohtaja050 4098746 Petteri L\u00e4hteenm\u00e4ki sihteeri Ilmari Hein\u00e4l\u00e4 Jarmo Ollikainen Timo Suomensalo Erkki Vidman <a href=\"https:\/\/saarijarvenreitinkalatalousalue.fi\/pyhahakki\/wp-content\/uploads\/sites\/49\/2026\/04\/729-407-876-2-kiinteistorekisteriote-1-1.pdf\" target=\"_blank\" rel=\"noreferrer noopener\">Osakaskiinteist\u00f6t 2026<\/a><\/p>\n","protected":false},"author":1,"featured_media":0,"parent":0,"menu_order":0,"comment_status":"closed","ping_status":"closed","template":"basic-sivu.php","meta":{"_acf_changed":false,"footnotes":""},"class_list":["post-26","page","type-page","status-publish","hentry"],"acf":[],"yoast_head":"<!-- This site is optimized with the Yoast SEO plugin v27.1.1 - https:\/\/yoast.com\/product\/yoast-seo-wordpress\/ -->\n<title>Yhteystiedot - Pyh\u00e4h\u00e4kin kalastuskunta<\/title>\n<meta name=\"robots\" content=\"index, follow, max-snippet:-1, max-image-preview:large, max-video-preview:-1\" \/>\n<link rel=\"canonical\" href=\"https:\/\/saarijarvenreitinkalatalousalue.fi\/pyhahakki\/tiedot\/\" \/>\n<meta property=\"og:locale\" content=\"fi_FI\" \/>\n<meta property=\"og:type\" content=\"article\" \/>\n<meta property=\"og:title\" content=\"Yhteystiedot - Pyh\u00e4h\u00e4kin kalastuskunta\" \/>\n<meta property=\"og:description\" content=\"Yhteystiedot Hoitokunta: Ilpo Koskela &nbsp; puheenjohtajaSoukantie 71 &nbsp; 43100 Saarij\u00e4rvi &nbsp;&nbsp; 044-3338489 &nbsp; ilpokoskela100@gmail.com Juuso Lamppu &nbsp; varapuheenjohtaja050 4098746 Petteri L\u00e4hteenm\u00e4ki sihteeri Ilmari Hein\u00e4l\u00e4 Jarmo Ollikainen Timo Suomensalo Erkki Vidman Osakaskiinteist\u00f6t 2026\" \/>\n<meta property=\"og:url\" content=\"https:\/\/saarijarvenreitinkalatalousalue.fi\/pyhahakki\/tiedot\/\" \/>\n<meta property=\"og:site_name\" content=\"Pyh\u00e4h\u00e4kin kalastuskunta\" \/>\n<meta property=\"article:modified_time\" content=\"2026-04-29T13:56:14+00:00\" \/>\n<meta name=\"twitter:card\" content=\"summary_large_image\" \/>\n<meta name=\"twitter:label1\" content=\"Arvioitu lukuaika\" \/>\n\t<meta name=\"twitter:data1\" content=\"1 minuutti\" \/>\n<script type=\"application\/ld+json\" class=\"yoast-schema-graph\">{\"@context\":\"https:\/\/schema.org\",\"@graph\":[{\"@type\":\"WebPage\",\"@id\":\"https:\/\/saarijarvenreitinkalatalousalue.fi\/pyhahakki\/tiedot\/\",\"url\":\"https:\/\/saarijarvenreitinkalatalousalue.fi\/pyhahakki\/tiedot\/\",\"name\":\"Yhteystiedot - Pyh\u00e4h\u00e4kin kalastuskunta\",\"isPartOf\":{\"@id\":\"https:\/\/saarijarvenreitinkalatalousalue.fi\/pyhahakki\/#website\"},\"datePublished\":\"2020-10-29T08:31:59+00:00\",\"dateModified\":\"2026-04-29T13:56:14+00:00\",\"breadcrumb\":{\"@id\":\"https:\/\/saarijarvenreitinkalatalousalue.fi\/pyhahakki\/tiedot\/#breadcrumb\"},\"inLanguage\":\"fi\",\"potentialAction\":[{\"@type\":\"ReadAction\",\"target\":[\"https:\/\/saarijarvenreitinkalatalousalue.fi\/pyhahakki\/tiedot\/\"]}]},{\"@type\":\"BreadcrumbList\",\"@id\":\"https:\/\/saarijarvenreitinkalatalousalue.fi\/pyhahakki\/tiedot\/#breadcrumb\",\"itemListElement\":[{\"@type\":\"ListItem\",\"position\":1,\"name\":\"Home\",\"item\":\"https:\/\/saarijarvenreitinkalatalousalue.fi\/pyhahakki\/\"},{\"@type\":\"ListItem\",\"position\":2,\"name\":\"Yhteystiedot\"}]},{\"@type\":\"WebSite\",\"@id\":\"https:\/\/saarijarvenreitinkalatalousalue.fi\/pyhahakki\/#website\",\"url\":\"https:\/\/saarijarvenreitinkalatalousalue.fi\/pyhahakki\/\",\"name\":\"Pyh\u00e4h\u00e4kin kalastuskunta\",\"description\":\"\",\"potentialAction\":[{\"@type\":\"SearchAction\",\"target\":{\"@type\":\"EntryPoint\",\"urlTemplate\":\"https:\/\/saarijarvenreitinkalatalousalue.fi\/pyhahakki\/?s={search_term_string}\"},\"query-input\":{\"@type\":\"PropertyValueSpecification\",\"valueRequired\":true,\"valueName\":\"search_term_string\"}}],\"inLanguage\":\"fi\"}]}<\/script>\n<!-- \/ Yoast SEO plugin. -->","yoast_head_json":{"title":"Yhteystiedot - Pyh\u00e4h\u00e4kin kalastuskunta","robots":{"index":"index","follow":"follow","max-snippet":"max-snippet:-1","max-image-preview":"max-image-preview:large","max-video-preview":"max-video-preview:-1"},"canonical":"https:\/\/saarijarvenreitinkalatalousalue.fi\/pyhahakki\/tiedot\/","og_locale":"fi_FI","og_type":"article","og_title":"Yhteystiedot - Pyh\u00e4h\u00e4kin kalastuskunta","og_description":"Yhteystiedot Hoitokunta: Ilpo Koskela &nbsp; puheenjohtajaSoukantie 71 &nbsp; 43100 Saarij\u00e4rvi &nbsp;&nbsp; 044-3338489 &nbsp; ilpokoskela100@gmail.com Juuso Lamppu &nbsp; varapuheenjohtaja050 4098746 Petteri L\u00e4hteenm\u00e4ki sihteeri Ilmari Hein\u00e4l\u00e4 Jarmo Ollikainen Timo Suomensalo Erkki Vidman Osakaskiinteist\u00f6t 2026","og_url":"https:\/\/saarijarvenreitinkalatalousalue.fi\/pyhahakki\/tiedot\/","og_site_name":"Pyh\u00e4h\u00e4kin kalastuskunta","article_modified_time":"2026-04-29T13:56:14+00:00","twitter_card":"summary_large_image","twitter_misc":{"Arvioitu lukuaika":"1 minuutti"},"schema":{"@context":"https:\/\/schema.org","@graph":[{"@type":"WebPage","@id":"https:\/\/saarijarvenreitinkalatalousalue.fi\/pyhahakki\/tiedot\/","url":"https:\/\/saarijarvenreitinkalatalousalue.fi\/pyhahakki\/tiedot\/","name":"Yhteystiedot - Pyh\u00e4h\u00e4kin kalastuskunta","isPartOf":{"@id":"https:\/\/saarijarvenreitinkalatalousalue.fi\/pyhahakki\/#website"},"datePublished":"2020-10-29T08:31:59+00:00","dateModified":"2026-04-29T13:56:14+00:00","breadcrumb":{"@id":"https:\/\/saarijarvenreitinkalatalousalue.fi\/pyhahakki\/tiedot\/#breadcrumb"},"inLanguage":"fi","potentialAction":[{"@type":"ReadAction","target":["https:\/\/saarijarvenreitinkalatalousalue.fi\/pyhahakki\/tiedot\/"]}]},{"@type":"BreadcrumbList","@id":"https:\/\/saarijarvenreitinkalatalousalue.fi\/pyhahakki\/tiedot\/#breadcrumb","itemListElement":[{"@type":"ListItem","position":1,"name":"Home","item":"https:\/\/saarijarvenreitinkalatalousalue.fi\/pyhahakki\/"},{"@type":"ListItem","position":2,"name":"Yhteystiedot"}]},{"@type":"WebSite","@id":"https:\/\/saarijarvenreitinkalatalousalue.fi\/pyhahakki\/#website","url":"https:\/\/saarijarvenreitinkalatalousalue.fi\/pyhahakki\/","name":"Pyh\u00e4h\u00e4kin kalastuskunta","description":"","potentialAction":[{"@type":"SearchAction","target":{"@type":"EntryPoint","urlTemplate":"https:\/\/saarijarvenreitinkalatalousalue.fi\/pyhahakki\/?s={search_term_string}"},"query-input":{"@type":"PropertyValueSpecification","valueRequired":true,"valueName":"search_term_string"}}],"inLanguage":"fi"}]}},"_links":{"self":[{"href":"https:\/\/saarijarvenreitinkalatalousalue.fi\/pyhahakki\/wp-json\/wp\/v2\/pages\/26","targetHints":{"allow":["GET"]}}],"collection":[{"href":"https:\/\/saarijarvenreitinkalatalousalue.fi\/pyhahakki\/wp-json\/wp\/v2\/pages"}],"about":[{"href":"https:\/\/saarijarvenreitinkalatalousalue.fi\/pyhahakki\/wp-json\/wp\/v2\/types\/page"}],"author":[{"embeddable":true,"href":"https:\/\/saarijarvenreitinkalatalousalue.fi\/pyhahakki\/wp-json\/wp\/v2\/users\/1"}],"replies":[{"embeddable":true,"href":"https:\/\/saarijarvenreitinkalatalousalue.fi\/pyhahakki\/wp-json\/wp\/v2\/comments?post=26"}],"version-history":[{"count":26,"href":"https:\/\/saarijarvenreitinkalatalousalue.fi\/pyhahakki\/wp-json\/wp\/v2\/pages\/26\/revisions"}],"predecessor-version":[{"id":556,"href":"https:\/\/saarijarvenreitinkalatalousalue.fi\/pyhahakki\/wp-json\/wp\/v2\/pages\/26\/revisions\/556"}],"wp:attachment":[{"href":"https:\/\/saarijarvenreitinkalatalousalue.fi\/pyhahakki\/wp-json\/wp\/v2\/media?parent=26"}],"curies":[{"name":"wp","href":"https:\/\/api.w.org\/{rel}","templated":true}]}}