{"id":49,"date":"2020-10-29T09:51:51","date_gmt":"2020-10-29T09:51:51","guid":{"rendered":"http:\/\/89.166.51.80\/~saarijarven\/hameenmaen-osakaskunta\/?page_id=49"},"modified":"2026-04-28T12:35:03","modified_gmt":"2026-04-28T12:35:03","slug":"paatokset","status":"publish","type":"page","link":"https:\/\/saarijarvenreitinkalatalousalue.fi\/pyhahakki\/paatokset\/","title":{"rendered":"Rajoitukset"},"content":{"rendered":"\n<h3 class=\"wp-block-heading\">ELY-keskuksen m\u00e4\u00e4r\u00e4\u00e4m\u00e4t pyyntirajoitukset<\/h3>\n\n\n\n<figure class=\"wp-block-image size-large is-resized\"><img loading=\"lazy\" decoding=\"async\" width=\"1024\" height=\"689\" src=\"https:\/\/saarijarvenreitinkalatalousalue.fi\/pyhahakki\/wp-content\/uploads\/sites\/49\/2022\/05\/Saarijarven-reitin-kta-verkkorajoitukset-Pyhajarvi-Poykynlahti-1-1024x689.jpg\" alt=\"\" class=\"wp-image-283\" style=\"width:840px;height:566px\" srcset=\"https:\/\/saarijarvenreitinkalatalousalue.fi\/pyhahakki\/wp-content\/uploads\/sites\/49\/2022\/05\/Saarijarven-reitin-kta-verkkorajoitukset-Pyhajarvi-Poykynlahti-1-1024x689.jpg 1024w, https:\/\/saarijarvenreitinkalatalousalue.fi\/pyhahakki\/wp-content\/uploads\/sites\/49\/2022\/05\/Saarijarven-reitin-kta-verkkorajoitukset-Pyhajarvi-Poykynlahti-1-300x202.jpg 300w, https:\/\/saarijarvenreitinkalatalousalue.fi\/pyhahakki\/wp-content\/uploads\/sites\/49\/2022\/05\/Saarijarven-reitin-kta-verkkorajoitukset-Pyhajarvi-Poykynlahti-1-768x517.jpg 768w, https:\/\/saarijarvenreitinkalatalousalue.fi\/pyhahakki\/wp-content\/uploads\/sites\/49\/2022\/05\/Saarijarven-reitin-kta-verkkorajoitukset-Pyhajarvi-Poykynlahti-1.jpg 1280w\" sizes=\"auto, (max-width: 1024px) 100vw, 1024px\" \/><\/figure>\n\n\n\n<figure class=\"wp-block-image size-large\"><img loading=\"lazy\" decoding=\"async\" width=\"1024\" height=\"684\" src=\"https:\/\/saarijarvenreitinkalatalousalue.fi\/pyhahakki\/wp-content\/uploads\/sites\/49\/2022\/05\/Saarijarven-reitin-kta-verkkorajoitukset-Pyhajarvi-Peltojoen-suualue-1024x684.jpg\" alt=\"\" class=\"wp-image-284\" srcset=\"https:\/\/saarijarvenreitinkalatalousalue.fi\/pyhahakki\/wp-content\/uploads\/sites\/49\/2022\/05\/Saarijarven-reitin-kta-verkkorajoitukset-Pyhajarvi-Peltojoen-suualue-1024x684.jpg 1024w, https:\/\/saarijarvenreitinkalatalousalue.fi\/pyhahakki\/wp-content\/uploads\/sites\/49\/2022\/05\/Saarijarven-reitin-kta-verkkorajoitukset-Pyhajarvi-Peltojoen-suualue-300x200.jpg 300w, https:\/\/saarijarvenreitinkalatalousalue.fi\/pyhahakki\/wp-content\/uploads\/sites\/49\/2022\/05\/Saarijarven-reitin-kta-verkkorajoitukset-Pyhajarvi-Peltojoen-suualue-768x513.jpg 768w, https:\/\/saarijarvenreitinkalatalousalue.fi\/pyhahakki\/wp-content\/uploads\/sites\/49\/2022\/05\/Saarijarven-reitin-kta-verkkorajoitukset-Pyhajarvi-Peltojoen-suualue.jpg 1280w\" sizes=\"auto, (max-width: 1024px) 100vw, 1024px\" \/><\/figure>\n\n\n\n<figure class=\"wp-block-image size-large\"><img loading=\"lazy\" decoding=\"async\" width=\"1024\" height=\"679\" src=\"https:\/\/saarijarvenreitinkalatalousalue.fi\/pyhahakki\/wp-content\/uploads\/sites\/49\/2022\/05\/Saarijarven-reitin-kta-alimmat-pyyntimitat-1-1024x679.jpg\" alt=\"\" class=\"wp-image-286\" srcset=\"https:\/\/saarijarvenreitinkalatalousalue.fi\/pyhahakki\/wp-content\/uploads\/sites\/49\/2022\/05\/Saarijarven-reitin-kta-alimmat-pyyntimitat-1-1024x679.jpg 1024w, https:\/\/saarijarvenreitinkalatalousalue.fi\/pyhahakki\/wp-content\/uploads\/sites\/49\/2022\/05\/Saarijarven-reitin-kta-alimmat-pyyntimitat-1-300x199.jpg 300w, https:\/\/saarijarvenreitinkalatalousalue.fi\/pyhahakki\/wp-content\/uploads\/sites\/49\/2022\/05\/Saarijarven-reitin-kta-alimmat-pyyntimitat-1-768x509.jpg 768w, https:\/\/saarijarvenreitinkalatalousalue.fi\/pyhahakki\/wp-content\/uploads\/sites\/49\/2022\/05\/Saarijarven-reitin-kta-alimmat-pyyntimitat-1.jpg 1280w\" sizes=\"auto, (max-width: 1024px) 100vw, 1024px\" \/><figcaption class=\"wp-element-caption\"><a href=\"https:\/\/kalastusrajoitus.fi\/#\/kalastusrajoitus\" target=\"_blank\" rel=\"noreferrer noopener\">kalastusrajoitus.fi<\/a><\/figcaption><\/figure>\n\n\n\n<div style=\"height:39px\" aria-hidden=\"true\" class=\"wp-block-spacer\"><\/div>\n\n\n\n<h2 class=\"wp-block-heading\">Osakaskunnan pyyntirajoitukset<\/h2>\n\n\n\n<p><\/p>\n\n\n\n<p>Solmuv\u00e4li 23-59 mm kielletty yli 10 metrin syvyisill\u00e4 vesialueilla ymp\u00e4ri vuoden.<\/p>\n\n\n\n<p>Rajoitus koskee pinta-, v\u00e4livesi- ja pohjapyynti\u00e4 kyseisill\u00e4 alueilla.<\/p>\n\n\n\n<p>Kuhan alamitta on 45 cm, j\u00e4rvilohen ja rasvaev\u00e4leikatun taimenen 60 cm.&nbsp;&nbsp;Rasvaev\u00e4llinen taimen on rauhoitettu.<\/p>\n\n\n\n<p>Pieni Suoj\u00e4rvi, Peltojoki ja P\u00f6ykynjoki on rauhoitettu kalastukselta.<br>Ravun alamitta 10cm.<\/p>\n\n\n\n<p>Vesilintujen mets\u00e4stys on kielletty Kekkil\u00e4nlahden ja Kotisaaren alueella (Kiviniemest\u00e4 Kotisaaren l\u00e4nsip\u00e4\u00e4h\u00e4n ja Kiireenniemest\u00e4 Kotisaaren it\u00e4p\u00e4\u00e4h\u00e4n) sek\u00e4 P\u00f6ykynlahden pohja P\u00f6ykynsaarten etel\u00e4reunan tasalle saakka.<br>Vesilintujen ruokinta on kielletty osakaskunnan omistamilla alueilla.<\/p>\n","protected":false},"excerpt":{"rendered":"<p>ELY-keskuksen m\u00e4\u00e4r\u00e4\u00e4m\u00e4t pyyntirajoitukset <a href=\"https:\/\/kalastusrajoitus.fi\/#\/kalastusrajoitus\" target=\"_blank\" rel=\"noreferrer noopener\">kalastusrajoitus.fi<\/a> Osakaskunnan pyyntirajoitukset Solmuv\u00e4li 23-59 mm kielletty yli 10 metrin syvyisill\u00e4 vesialueilla ymp\u00e4ri vuoden. Rajoitus koskee pinta-, v\u00e4livesi- ja pohjapyynti\u00e4 kyseisill\u00e4 alueilla. Kuhan alamitta on 45 cm, j\u00e4rvilohen ja rasvaev\u00e4leikatun taimenen 60 cm.&nbsp;&nbsp;Rasvaev\u00e4llinen taimen on rauhoitettu. Pieni Suoj\u00e4rvi,<\/p>\n<p><a class=\"moretag\" href=\"https:\/\/saarijarvenreitinkalatalousalue.fi\/pyhahakki\/paatokset\/\"> Lue lis\u00e4\u00e4 ><\/a><\/p>\n","protected":false},"author":1,"featured_media":0,"parent":0,"menu_order":0,"comment_status":"closed","ping_status":"closed","template":"basic-sivu.php","meta":{"_acf_changed":false,"footnotes":""},"class_list":["post-49","page","type-page","status-publish","hentry"],"acf":[],"yoast_head":"<!-- This site is optimized with the Yoast SEO plugin v27.1.1 - https:\/\/yoast.com\/product\/yoast-seo-wordpress\/ -->\n<title>Rajoitukset - Pyh\u00e4h\u00e4kin kalastuskunta<\/title>\n<meta name=\"robots\" content=\"index, follow, max-snippet:-1, max-image-preview:large, max-video-preview:-1\" \/>\n<link rel=\"canonical\" href=\"https:\/\/saarijarvenreitinkalatalousalue.fi\/pyhahakki\/paatokset\/\" \/>\n<meta property=\"og:locale\" content=\"fi_FI\" \/>\n<meta property=\"og:type\" content=\"article\" \/>\n<meta property=\"og:title\" content=\"Rajoitukset - Pyh\u00e4h\u00e4kin kalastuskunta\" \/>\n<meta property=\"og:description\" content=\"ELY-keskuksen m\u00e4\u00e4r\u00e4\u00e4m\u00e4t pyyntirajoitukset kalastusrajoitus.fi Osakaskunnan pyyntirajoitukset Solmuv\u00e4li 23-59 mm kielletty yli 10 metrin syvyisill\u00e4 vesialueilla ymp\u00e4ri vuoden. Rajoitus koskee pinta-, v\u00e4livesi- ja pohjapyynti\u00e4 kyseisill\u00e4 alueilla. Kuhan alamitta on 45 cm, j\u00e4rvilohen ja rasvaev\u00e4leikatun taimenen 60 cm.&nbsp;&nbsp;Rasvaev\u00e4llinen taimen on rauhoitettu. Pieni Suoj\u00e4rvi, Lue lis\u00e4\u00e4 &gt;\" \/>\n<meta property=\"og:url\" content=\"https:\/\/saarijarvenreitinkalatalousalue.fi\/pyhahakki\/paatokset\/\" \/>\n<meta property=\"og:site_name\" content=\"Pyh\u00e4h\u00e4kin kalastuskunta\" \/>\n<meta property=\"article:modified_time\" content=\"2026-04-28T12:35:03+00:00\" \/>\n<meta property=\"og:image\" content=\"https:\/\/saarijarvenreitinkalatalousalue.fi\/pyhahakki\/wp-content\/uploads\/sites\/49\/2022\/05\/Saarijarven-reitin-kta-verkkorajoitukset-Pyhajarvi-Poykynlahti-1.jpg\" \/>\n\t<meta property=\"og:image:width\" content=\"1280\" \/>\n\t<meta property=\"og:image:height\" content=\"861\" \/>\n\t<meta property=\"og:image:type\" content=\"image\/jpeg\" \/>\n<meta name=\"twitter:card\" content=\"summary_large_image\" \/>\n<meta name=\"twitter:label1\" content=\"Arvioitu lukuaika\" \/>\n\t<meta name=\"twitter:data1\" content=\"2 minuuttia\" \/>\n<script type=\"application\/ld+json\" class=\"yoast-schema-graph\">{\"@context\":\"https:\/\/schema.org\",\"@graph\":[{\"@type\":\"WebPage\",\"@id\":\"https:\/\/saarijarvenreitinkalatalousalue.fi\/pyhahakki\/paatokset\/\",\"url\":\"https:\/\/saarijarvenreitinkalatalousalue.fi\/pyhahakki\/paatokset\/\",\"name\":\"Rajoitukset - Pyh\u00e4h\u00e4kin kalastuskunta\",\"isPartOf\":{\"@id\":\"https:\/\/saarijarvenreitinkalatalousalue.fi\/pyhahakki\/#website\"},\"primaryImageOfPage\":{\"@id\":\"https:\/\/saarijarvenreitinkalatalousalue.fi\/pyhahakki\/paatokset\/#primaryimage\"},\"image\":{\"@id\":\"https:\/\/saarijarvenreitinkalatalousalue.fi\/pyhahakki\/paatokset\/#primaryimage\"},\"thumbnailUrl\":\"https:\/\/saarijarvenreitinkalatalousalue.fi\/pyhahakki\/wp-content\/uploads\/sites\/49\/2022\/05\/Saarijarven-reitin-kta-verkkorajoitukset-Pyhajarvi-Poykynlahti-1-1024x689.jpg\",\"datePublished\":\"2020-10-29T09:51:51+00:00\",\"dateModified\":\"2026-04-28T12:35:03+00:00\",\"breadcrumb\":{\"@id\":\"https:\/\/saarijarvenreitinkalatalousalue.fi\/pyhahakki\/paatokset\/#breadcrumb\"},\"inLanguage\":\"fi\",\"potentialAction\":[{\"@type\":\"ReadAction\",\"target\":[\"https:\/\/saarijarvenreitinkalatalousalue.fi\/pyhahakki\/paatokset\/\"]}]},{\"@type\":\"ImageObject\",\"inLanguage\":\"fi\",\"@id\":\"https:\/\/saarijarvenreitinkalatalousalue.fi\/pyhahakki\/paatokset\/#primaryimage\",\"url\":\"https:\/\/saarijarvenreitinkalatalousalue.fi\/pyhahakki\/wp-content\/uploads\/sites\/49\/2022\/05\/Saarijarven-reitin-kta-verkkorajoitukset-Pyhajarvi-Poykynlahti-1.jpg\",\"contentUrl\":\"https:\/\/saarijarvenreitinkalatalousalue.fi\/pyhahakki\/wp-content\/uploads\/sites\/49\/2022\/05\/Saarijarven-reitin-kta-verkkorajoitukset-Pyhajarvi-Poykynlahti-1.jpg\",\"width\":1280,\"height\":861},{\"@type\":\"BreadcrumbList\",\"@id\":\"https:\/\/saarijarvenreitinkalatalousalue.fi\/pyhahakki\/paatokset\/#breadcrumb\",\"itemListElement\":[{\"@type\":\"ListItem\",\"position\":1,\"name\":\"Home\",\"item\":\"https:\/\/saarijarvenreitinkalatalousalue.fi\/pyhahakki\/\"},{\"@type\":\"ListItem\",\"position\":2,\"name\":\"Rajoitukset\"}]},{\"@type\":\"WebSite\",\"@id\":\"https:\/\/saarijarvenreitinkalatalousalue.fi\/pyhahakki\/#website\",\"url\":\"https:\/\/saarijarvenreitinkalatalousalue.fi\/pyhahakki\/\",\"name\":\"Pyh\u00e4h\u00e4kin kalastuskunta\",\"description\":\"\",\"potentialAction\":[{\"@type\":\"SearchAction\",\"target\":{\"@type\":\"EntryPoint\",\"urlTemplate\":\"https:\/\/saarijarvenreitinkalatalousalue.fi\/pyhahakki\/?s={search_term_string}\"},\"query-input\":{\"@type\":\"PropertyValueSpecification\",\"valueRequired\":true,\"valueName\":\"search_term_string\"}}],\"inLanguage\":\"fi\"}]}<\/script>\n<!-- \/ Yoast SEO plugin. -->","yoast_head_json":{"title":"Rajoitukset - Pyh\u00e4h\u00e4kin kalastuskunta","robots":{"index":"index","follow":"follow","max-snippet":"max-snippet:-1","max-image-preview":"max-image-preview:large","max-video-preview":"max-video-preview:-1"},"canonical":"https:\/\/saarijarvenreitinkalatalousalue.fi\/pyhahakki\/paatokset\/","og_locale":"fi_FI","og_type":"article","og_title":"Rajoitukset - Pyh\u00e4h\u00e4kin kalastuskunta","og_description":"ELY-keskuksen m\u00e4\u00e4r\u00e4\u00e4m\u00e4t pyyntirajoitukset kalastusrajoitus.fi Osakaskunnan pyyntirajoitukset Solmuv\u00e4li 23-59 mm kielletty yli 10 metrin syvyisill\u00e4 vesialueilla ymp\u00e4ri vuoden. Rajoitus koskee pinta-, v\u00e4livesi- ja pohjapyynti\u00e4 kyseisill\u00e4 alueilla. Kuhan alamitta on 45 cm, j\u00e4rvilohen ja rasvaev\u00e4leikatun taimenen 60 cm.&nbsp;&nbsp;Rasvaev\u00e4llinen taimen on rauhoitettu. Pieni Suoj\u00e4rvi, Lue lis\u00e4\u00e4 >","og_url":"https:\/\/saarijarvenreitinkalatalousalue.fi\/pyhahakki\/paatokset\/","og_site_name":"Pyh\u00e4h\u00e4kin kalastuskunta","article_modified_time":"2026-04-28T12:35:03+00:00","og_image":[{"width":1280,"height":861,"url":"https:\/\/saarijarvenreitinkalatalousalue.fi\/pyhahakki\/wp-content\/uploads\/sites\/49\/2022\/05\/Saarijarven-reitin-kta-verkkorajoitukset-Pyhajarvi-Poykynlahti-1.jpg","type":"image\/jpeg"}],"twitter_card":"summary_large_image","twitter_misc":{"Arvioitu lukuaika":"2 minuuttia"},"schema":{"@context":"https:\/\/schema.org","@graph":[{"@type":"WebPage","@id":"https:\/\/saarijarvenreitinkalatalousalue.fi\/pyhahakki\/paatokset\/","url":"https:\/\/saarijarvenreitinkalatalousalue.fi\/pyhahakki\/paatokset\/","name":"Rajoitukset - Pyh\u00e4h\u00e4kin kalastuskunta","isPartOf":{"@id":"https:\/\/saarijarvenreitinkalatalousalue.fi\/pyhahakki\/#website"},"primaryImageOfPage":{"@id":"https:\/\/saarijarvenreitinkalatalousalue.fi\/pyhahakki\/paatokset\/#primaryimage"},"image":{"@id":"https:\/\/saarijarvenreitinkalatalousalue.fi\/pyhahakki\/paatokset\/#primaryimage"},"thumbnailUrl":"https:\/\/saarijarvenreitinkalatalousalue.fi\/pyhahakki\/wp-content\/uploads\/sites\/49\/2022\/05\/Saarijarven-reitin-kta-verkkorajoitukset-Pyhajarvi-Poykynlahti-1-1024x689.jpg","datePublished":"2020-10-29T09:51:51+00:00","dateModified":"2026-04-28T12:35:03+00:00","breadcrumb":{"@id":"https:\/\/saarijarvenreitinkalatalousalue.fi\/pyhahakki\/paatokset\/#breadcrumb"},"inLanguage":"fi","potentialAction":[{"@type":"ReadAction","target":["https:\/\/saarijarvenreitinkalatalousalue.fi\/pyhahakki\/paatokset\/"]}]},{"@type":"ImageObject","inLanguage":"fi","@id":"https:\/\/saarijarvenreitinkalatalousalue.fi\/pyhahakki\/paatokset\/#primaryimage","url":"https:\/\/saarijarvenreitinkalatalousalue.fi\/pyhahakki\/wp-content\/uploads\/sites\/49\/2022\/05\/Saarijarven-reitin-kta-verkkorajoitukset-Pyhajarvi-Poykynlahti-1.jpg","contentUrl":"https:\/\/saarijarvenreitinkalatalousalue.fi\/pyhahakki\/wp-content\/uploads\/sites\/49\/2022\/05\/Saarijarven-reitin-kta-verkkorajoitukset-Pyhajarvi-Poykynlahti-1.jpg","width":1280,"height":861},{"@type":"BreadcrumbList","@id":"https:\/\/saarijarvenreitinkalatalousalue.fi\/pyhahakki\/paatokset\/#breadcrumb","itemListElement":[{"@type":"ListItem","position":1,"name":"Home","item":"https:\/\/saarijarvenreitinkalatalousalue.fi\/pyhahakki\/"},{"@type":"ListItem","position":2,"name":"Rajoitukset"}]},{"@type":"WebSite","@id":"https:\/\/saarijarvenreitinkalatalousalue.fi\/pyhahakki\/#website","url":"https:\/\/saarijarvenreitinkalatalousalue.fi\/pyhahakki\/","name":"Pyh\u00e4h\u00e4kin kalastuskunta","description":"","potentialAction":[{"@type":"SearchAction","target":{"@type":"EntryPoint","urlTemplate":"https:\/\/saarijarvenreitinkalatalousalue.fi\/pyhahakki\/?s={search_term_string}"},"query-input":{"@type":"PropertyValueSpecification","valueRequired":true,"valueName":"search_term_string"}}],"inLanguage":"fi"}]}},"_links":{"self":[{"href":"https:\/\/saarijarvenreitinkalatalousalue.fi\/pyhahakki\/wp-json\/wp\/v2\/pages\/49","targetHints":{"allow":["GET"]}}],"collection":[{"href":"https:\/\/saarijarvenreitinkalatalousalue.fi\/pyhahakki\/wp-json\/wp\/v2\/pages"}],"about":[{"href":"https:\/\/saarijarvenreitinkalatalousalue.fi\/pyhahakki\/wp-json\/wp\/v2\/types\/page"}],"author":[{"embeddable":true,"href":"https:\/\/saarijarvenreitinkalatalousalue.fi\/pyhahakki\/wp-json\/wp\/v2\/users\/1"}],"replies":[{"embeddable":true,"href":"https:\/\/saarijarvenreitinkalatalousalue.fi\/pyhahakki\/wp-json\/wp\/v2\/comments?post=49"}],"version-history":[{"count":28,"href":"https:\/\/saarijarvenreitinkalatalousalue.fi\/pyhahakki\/wp-json\/wp\/v2\/pages\/49\/revisions"}],"predecessor-version":[{"id":536,"href":"https:\/\/saarijarvenreitinkalatalousalue.fi\/pyhahakki\/wp-json\/wp\/v2\/pages\/49\/revisions\/536"}],"wp:attachment":[{"href":"https:\/\/saarijarvenreitinkalatalousalue.fi\/pyhahakki\/wp-json\/wp\/v2\/media?parent=49"}],"curies":[{"name":"wp","href":"https:\/\/api.w.org\/{rel}","templated":true}]}}